CRAN Package Check Results for Package TanB

Last updated on 2023-02-06 09:55:59 CET.

Flavor Version Tinstall Tcheck Ttotal Status Flags
r-devel-linux-x86_64-debian-clang 0.1 2.07 22.18 24.25 NOTE
r-devel-linux-x86_64-debian-gcc 0.1 1.84 16.85 18.69 NOTE
r-devel-linux-x86_64-fedora-clang 0.1 30.44 NOTE
r-devel-linux-x86_64-fedora-gcc 0.1 29.60 NOTE
r-devel-windows-x86_64 0.1 12.00 51.00 63.00 NOTE
r-patched-linux-x86_64 0.1 1.94 22.06 24.00 NOTE
r-release-linux-x86_64 0.1 2.24 22.31 24.55 NOTE
r-release-macos-arm64 0.1 14.00 NOTE
r-release-macos-x86_64 0.1 20.00 NOTE
r-release-windows-x86_64 0.1 11.00 54.00 65.00 NOTE
r-oldrel-macos-arm64 0.1 17.00 NOTE
r-oldrel-macos-x86_64 0.1 26.00 NOTE
r-oldrel-windows-ix86+x86_64 0.1 6.00 46.00 52.00 NOTE

Check Details

Version: 0.1
Check: LazyData
Result: NOTE
     'LazyData' is specified without a 'data' directory
Flavors: r-devel-linux-x86_64-debian-clang, r-devel-linux-x86_64-debian-gcc, r-devel-linux-x86_64-fedora-clang, r-devel-linux-x86_64-fedora-gcc, r-devel-windows-x86_64, r-patched-linux-x86_64, r-release-linux-x86_64, r-release-macos-arm64, r-release-macos-x86_64, r-release-windows-x86_64, r-oldrel-macos-arm64, r-oldrel-macos-x86_64, r-oldrel-windows-ix86+x86_64