CRAN Package Check Results for Package TauP.R

Last updated on 2021-10-25 17:51:55 CEST.

Flavor Version Tinstall Tcheck Ttotal Status Flags
r-devel-linux-x86_64-debian-clang 1.5 8.01 60.94 68.95 OK
r-devel-linux-x86_64-debian-gcc 1.5 5.79 44.52 50.31 OK
r-devel-linux-x86_64-fedora-clang 1.5 93.71 NOTE
r-devel-linux-x86_64-fedora-gcc 1.5 81.47 OK
r-devel-windows-x86_64 1.5 13.00 77.00 90.00 OK
r-devel-windows-x86_64-gcc10-UCRT 1.5 OK
r-patched-linux-x86_64 1.5 7.99 59.00 66.99 OK
r-patched-solaris-x86 1.5 103.30 OK
r-release-linux-x86_64 1.5 7.27 58.35 65.62 OK
r-release-macos-arm64 1.5 OK
r-release-macos-x86_64 1.5 OK
r-release-windows-ix86+x86_64 1.5 15.00 78.00 93.00 OK
r-oldrel-macos-x86_64 1.5 OK
r-oldrel-windows-ix86+x86_64 1.5 16.00 77.00 93.00 OK

Check Details

Version: 1.5
Check: Rd cross-references
Result: NOTE
    Undeclared package ‘GEOmap’ in Rd xrefs
Flavor: r-devel-linux-x86_64-fedora-clang