CRAN Package Check Results for Package TauStar

Last updated on 2020-10-01 03:48:58 CEST.

Flavor Version Tinstall Tcheck Ttotal Status Flags
r-devel-linux-x86_64-debian-clang 1.1.4 123.25 151.45 274.70 OK
r-devel-linux-x86_64-debian-gcc 1.1.4 0.29 1.98 2.27 ERROR
r-devel-linux-x86_64-fedora-clang 1.1.4 387.35 OK
r-devel-linux-x86_64-fedora-gcc 1.1.4 344.83 OK
r-devel-windows-ix86+x86_64 1.1.4 290.00 445.00 735.00 OK
r-patched-linux-x86_64 1.1.4 111.97 148.78 260.75 OK
r-patched-solaris-x86 1.1.4 370.10 OK
r-release-linux-x86_64 1.1.4 107.20 152.90 260.10 OK
r-release-macos-x86_64 1.1.4 OK
r-release-windows-ix86+x86_64 1.1.4 253.00 444.00 697.00 OK
r-oldrel-macos-x86_64 1.1.4 OK
r-oldrel-windows-ix86+x86_64 1.1.4 252.00 494.00 746.00 OK

Check Details

Version: 1.1.4
Check: whether package can be installed
Result: ERROR
    Installation failed.
Flavor: r-devel-linux-x86_64-debian-gcc