Last updated on 2022-08-08 07:51:12 CEST.
Flavor | Version | Tinstall | Tcheck | Ttotal | Status | Flags |
---|---|---|---|---|---|---|
r-devel-linux-x86_64-debian-clang | 0.12.10 | 19.71 | 166.41 | 186.12 | OK | |
r-devel-linux-x86_64-debian-gcc | 0.12.10 | 14.18 | 123.84 | 138.02 | OK | |
r-devel-linux-x86_64-fedora-clang | 0.12.10 | 232.29 | NOTE | |||
r-devel-linux-x86_64-fedora-gcc | 0.12.10 | 227.21 | NOTE | |||
r-devel-windows-x86_64 | 0.12.10 | 28.00 | 190.00 | 218.00 | OK | |
r-patched-linux-x86_64 | 0.12.10 | 23.43 | 151.20 | 174.63 | OK | |
r-release-linux-x86_64 | 0.12.10 | OK | ||||
r-release-macos-arm64 | 0.12.10 | 68.00 | OK | |||
r-release-macos-x86_64 | 0.12.10 | 112.00 | NOTE | |||
r-release-windows-x86_64 | 0.12.10 | 25.00 | 250.00 | 275.00 | OK | |
r-oldrel-macos-arm64 | 0.12.10 | 73.00 | NOTE | |||
r-oldrel-macos-x86_64 | 0.12.10 | 88.00 | NOTE | |||
r-oldrel-windows-ix86+x86_64 | 0.12.10 | 42.00 | 160.00 | 202.00 | OK |
Version: 0.12.10
Check: package dependencies
Result: NOTE
Package suggested but not available for checking: ‘dearseq’
Flavors: r-devel-linux-x86_64-fedora-clang, r-devel-linux-x86_64-fedora-gcc, r-release-macos-x86_64, r-oldrel-macos-arm64, r-oldrel-macos-x86_64
Version: 0.12.10
Check: Rd cross-references
Result: NOTE
Package unavailable to check Rd xrefs: ‘dearseq’
Flavors: r-devel-linux-x86_64-fedora-clang, r-devel-linux-x86_64-fedora-gcc, r-release-macos-x86_64, r-oldrel-macos-arm64, r-oldrel-macos-x86_64