CRAN Package Check Results for Package TeachingDemos

Last updated on 2020-02-18 18:51:45 CET.

Flavor Version Tinstall Tcheck Ttotal Status Flags
r-devel-linux-x86_64-debian-clang 2.10 15.16 82.93 98.09 NOTE
r-devel-linux-x86_64-debian-gcc 2.10 11.65 62.13 73.78 NOTE
r-devel-linux-x86_64-fedora-clang 2.10 115.35 NOTE
r-devel-linux-x86_64-fedora-gcc 2.10 121.84 NOTE
r-devel-windows-ix86+x86_64 2.10 20.00 89.00 109.00 OK
r-devel-windows-ix86+x86_64-gcc8 2.10 29.00 127.00 156.00 OK
r-patched-linux-x86_64 2.10 11.86 73.60 85.46 NOTE
r-patched-solaris-x86 2.10 132.50 NOTE
r-release-linux-x86_64 2.10 11.11 74.44 85.55 NOTE
r-release-windows-ix86+x86_64 2.10 17.00 91.00 108.00 OK
r-release-osx-x86_64 2.10 NOTE
r-oldrel-windows-ix86+x86_64 2.10 18.00 86.00 104.00 OK
r-oldrel-osx-x86_64 2.10 NOTE

Check Details

Version: 2.10
Check: package dependencies
Result: NOTE
    Package suggested but not available for checking: 'R2wd'
Flavors: r-devel-linux-x86_64-debian-clang, r-devel-linux-x86_64-debian-gcc, r-devel-linux-x86_64-fedora-clang, r-devel-linux-x86_64-fedora-gcc, r-patched-linux-x86_64, r-patched-solaris-x86, r-release-linux-x86_64, r-release-osx-x86_64, r-oldrel-osx-x86_64