CRAN Package Check Results for Package Temporal

Last updated on 2021-06-24 09:52:49 CEST.

Flavor Version Tinstall Tcheck Ttotal Status Flags
r-devel-linux-x86_64-debian-clang 0.2.0 37.44 206.01 243.45 NOTE
r-devel-linux-x86_64-debian-gcc 0.2.0 23.10 144.35 167.45 NOTE
r-devel-linux-x86_64-fedora-clang 0.2.0 298.13 NOTE
r-devel-linux-x86_64-fedora-gcc 0.2.0 282.69 NOTE
r-devel-windows-x86_64 0.2.0 47.00 267.00 314.00 NOTE
r-devel-windows-x86_64-gcc10-UCRT 0.2.0 NOTE
r-patched-linux-x86_64 0.2.0 27.76 198.20 225.96 NOTE
r-patched-solaris-x86 0.2.0 389.50 NOTE
r-release-linux-x86_64 0.2.0 31.57 195.19 226.76 NOTE
r-release-macos-arm64 0.2.0 NOTE
r-release-macos-x86_64 0.2.0 NOTE
r-release-windows-ix86+x86_64 0.2.0 85.00 308.00 393.00 NOTE
r-oldrel-macos-x86_64 0.2.0 OK

Check Details

Version: 0.2.0
Check: LazyData
Result: NOTE
     'LazyData' is specified without a 'data' directory
Flavors: r-devel-linux-x86_64-debian-clang, r-devel-linux-x86_64-debian-gcc, r-devel-linux-x86_64-fedora-clang, r-devel-linux-x86_64-fedora-gcc, r-devel-windows-x86_64, r-devel-windows-x86_64-gcc10-UCRT, r-patched-linux-x86_64, r-patched-solaris-x86, r-release-linux-x86_64, r-release-macos-arm64, r-release-macos-x86_64, r-release-windows-ix86+x86_64