CRAN Package Check Results for Package TensorTest2D

Last updated on 2024-07-15 19:54:06 CEST.

Flavor Version Tinstall Tcheck Ttotal Status Flags
r-devel-linux-x86_64-debian-clang 1.1.1 9.26 67.67 76.93 OK
r-devel-linux-x86_64-debian-gcc 1.1.1 9.53 52.26 61.79 OK
r-devel-linux-x86_64-fedora-clang 1.1.1 99.63 NOTE
r-devel-linux-x86_64-fedora-gcc 1.1.1 93.84 NOTE
r-devel-windows-x86_64 1.1.1 8.00 80.00 88.00 OK
r-patched-linux-x86_64 1.1.1 9.66 65.57 75.23 OK
r-release-linux-x86_64 1.1.1 9.24 65.19 74.43 OK
r-release-macos-arm64 1.1.1 39.00 OK
r-release-macos-x86_64 1.1.1 69.00 OK
r-release-windows-x86_64 1.1.1 9.00 169.00 178.00 OK
r-oldrel-macos-arm64 1.1.1 38.00 OK
r-oldrel-macos-x86_64 1.1.1 68.00 OK
r-oldrel-windows-x86_64 1.1.1 10.00 181.00 191.00 OK

Check Details

Version: 1.1.1
Check: dependencies in R code
Result: NOTE Namespace in Imports field not imported from: ‘utils’ All declared Imports should be used. Flavors: r-devel-linux-x86_64-fedora-clang, r-devel-linux-x86_64-fedora-gcc