CRAN Package Check Results for Package TestAnaAPP

Last updated on 2024-02-23 01:51:45 CET.

Flavor Version Tinstall Tcheck Ttotal Status Flags
r-devel-linux-x86_64-debian-clang 0.1.8 OK
r-devel-linux-x86_64-debian-gcc 0.1.8 37.08 197.63 234.71 OK
r-devel-linux-x86_64-fedora-clang 0.1.8 413.16 OK
r-devel-linux-x86_64-fedora-gcc 0.1.8 388.55 OK
r-devel-windows-x86_64 0.1.8 33.00 188.00 221.00 OK
r-patched-linux-x86_64 0.1.8 32.32 261.81 294.13 OK
r-release-linux-x86_64 0.1.8 0.29 1.90 2.19 ERROR
r-release-macos-arm64 0.1.8 93.00 OK
r-release-macos-x86_64 0.1.8 151.00 OK
r-release-windows-x86_64 0.1.8 44.00 242.00 286.00 OK
r-oldrel-macos-arm64 0.1.8 100.00 OK
r-oldrel-windows-x86_64 0.1.8 45.00 255.00 300.00 OK

Check Details

Version: 0.1.8
Check: package dependencies
Result: ERROR Package required but not available: ‘tidySEM’ See section ‘The DESCRIPTION file’ in the ‘Writing R Extensions’ manual. Flavor: r-release-linux-x86_64