CRAN Package Check Results for Package TestDesign

Last updated on 2021-03-09 10:49:49 CET.

Flavor Version Tinstall Tcheck Ttotal Status Flags
r-devel-linux-x86_64-debian-clang 1.2.2 101.54 228.15 329.69 NOTE
r-devel-linux-x86_64-debian-gcc 1.2.2 67.48 171.33 238.81 NOTE
r-devel-linux-x86_64-fedora-clang 1.2.2 414.31 NOTE
r-devel-linux-x86_64-fedora-gcc 1.2.2 394.37 NOTE
r-devel-windows-ix86+x86_64 1.2.2 231.00 449.00 680.00 NOTE
r-devel-windows-x86_64-gcc10-UCRT 1.2.2 NOTE
r-patched-linux-x86_64 1.2.2 82.74 218.72 301.46 NOTE
r-patched-solaris-x86 1.2.2 497.60 NOTE
r-release-linux-x86_64 1.2.2 80.93 218.38 299.31 NOTE
r-release-macos-x86_64 1.2.2 NOTE
r-release-windows-ix86+x86_64 1.2.2 182.00 480.00 662.00 NOTE
r-oldrel-macos-x86_64 1.2.2 NOTE
r-oldrel-windows-ix86+x86_64 1.2.2 148.00 353.00 501.00 NOTE

Check Details

Version: 1.2.2
Check: package dependencies
Result: NOTE
    Package suggested but not available for checking: 'gurobi'
Flavors: r-devel-linux-x86_64-debian-clang, r-devel-linux-x86_64-debian-gcc, r-devel-linux-x86_64-fedora-clang, r-devel-linux-x86_64-fedora-gcc, r-devel-windows-ix86+x86_64, r-patched-linux-x86_64, r-release-linux-x86_64, r-release-windows-ix86+x86_64, r-oldrel-windows-ix86+x86_64

Version: 1.2.2
Check: installed package size
Result: NOTE
     installed size is 5.1Mb
     sub-directories of 1Mb or more:
     libs 3.2Mb
Flavors: r-devel-linux-x86_64-fedora-clang, r-release-macos-x86_64, r-oldrel-macos-x86_64

Version: 1.2.2
Check: package dependencies
Result: NOTE
    Packages suggested but not available for checking: 'lpsymphony', 'gurobi'
Flavor: r-devel-windows-x86_64-gcc10-UCRT

Version: 1.2.2
Check: package dependencies
Result: NOTE
    Packages suggested but not available for checking:
     'lpsymphony', 'Rsymphony', 'gurobi'
Flavors: r-patched-solaris-x86, r-release-macos-x86_64

Version: 1.2.2
Check: package dependencies
Result: NOTE
    Packages suggested but not available for checking: 'Rsymphony', 'gurobi'
Flavor: r-oldrel-macos-x86_64