CRAN Package Check Results for Package TestDesign

Last updated on 2020-10-29 02:50:14 CET.

Flavor Version Tinstall Tcheck Ttotal Status Flags
r-devel-linux-x86_64-debian-clang 1.1.3 104.45 290.40 394.85 NOTE
r-devel-linux-x86_64-debian-gcc 1.1.3 75.89 215.27 291.16 NOTE
r-devel-linux-x86_64-fedora-clang 1.1.3 529.08 NOTE
r-devel-linux-x86_64-fedora-gcc 1.1.3 511.78 NOTE
r-devel-windows-ix86+x86_64 1.1.3 224.00 618.00 842.00 NOTE
r-patched-linux-x86_64 1.1.3 89.33 282.92 372.25 NOTE
r-patched-solaris-x86 1.1.3 541.60 NOTE
r-release-linux-x86_64 1.1.3 93.68 277.97 371.65 NOTE
r-release-macos-x86_64 1.1.3 NOTE
r-release-windows-ix86+x86_64 1.1.3 162.00 452.00 614.00 NOTE
r-oldrel-macos-x86_64 1.1.3 WARN
r-oldrel-windows-ix86+x86_64 1.1.3 181.00 590.00 771.00 WARN

Check Details

Version: 1.1.3
Check: package dependencies
Result: NOTE
    Package suggested but not available for checking: 'gurobi'
Flavors: r-devel-linux-x86_64-debian-clang, r-devel-linux-x86_64-debian-gcc, r-devel-linux-x86_64-fedora-clang, r-devel-linux-x86_64-fedora-gcc, r-devel-windows-ix86+x86_64, r-patched-linux-x86_64, r-release-linux-x86_64, r-release-windows-ix86+x86_64, r-oldrel-windows-ix86+x86_64

Version: 1.1.3
Check: installed package size
Result: NOTE
     installed size is 5.1Mb
     sub-directories of 1Mb or more:
     libs 3.2Mb
Flavors: r-devel-linux-x86_64-fedora-clang, r-release-macos-x86_64, r-oldrel-macos-x86_64

Version: 1.1.3
Check: package dependencies
Result: NOTE
    Packages suggested but not available for checking:
     'lpsymphony', 'Rsymphony', 'gurobi', 'pkgdown'
Flavor: r-patched-solaris-x86

Version: 1.1.3
Check: package dependencies
Result: NOTE
    Packages suggested but not available for checking:
     'lpsymphony', 'Rsymphony', 'gurobi'
Flavor: r-release-macos-x86_64

Version: 1.1.3
Check: package dependencies
Result: NOTE
    Packages suggested but not available for checking: 'Rsymphony', 'gurobi'
Flavor: r-oldrel-macos-x86_64

Version: 1.1.3
Check: Rd cross-references
Result: WARN
    Missing link or links in documentation object 'plot-methods.Rd':
     ‘[base]{plot}’
    
    See section 'Cross-references' in the 'Writing R Extensions' manual.
Flavors: r-oldrel-macos-x86_64, r-oldrel-windows-ix86+x86_64