Last updated on 2023-06-08 06:57:27 CEST.
Flavor | Version | Tinstall | Tcheck | Ttotal | Status | Flags |
---|---|---|---|---|---|---|
r-devel-linux-x86_64-debian-clang | 1.5.1 | 167.00 | 423.14 | 590.14 | NOTE | |
r-devel-linux-x86_64-debian-gcc | 1.5.1 | 125.12 | 307.35 | 432.47 | NOTE | |
r-devel-linux-x86_64-fedora-clang | 1.5.1 | 889.28 | NOTE | |||
r-devel-linux-x86_64-fedora-gcc | 1.5.1 | 762.76 | NOTE | |||
r-devel-windows-x86_64 | 1.5.1 | 127.00 | 334.00 | 461.00 | NOTE | |
r-patched-linux-x86_64 | 1.5.1 | 133.22 | 400.23 | 533.45 | NOTE | |
r-release-linux-x86_64 | 1.5.1 | 137.38 | 399.11 | 536.49 | NOTE | |
r-release-macos-arm64 | 1.5.1 | 192.00 | NOTE | |||
r-release-macos-x86_64 | 1.5.1 | 340.00 | NOTE | |||
r-release-windows-x86_64 | 1.5.1 | 163.00 | 480.00 | 643.00 | NOTE | |
r-oldrel-macos-arm64 | 1.5.1 | 184.00 | NOTE | |||
r-oldrel-macos-x86_64 | 1.5.1 | 247.00 | NOTE | |||
r-oldrel-windows-x86_64 | 1.5.1 | 165.00 | 476.00 | 641.00 | NOTE |
Version: 1.5.1
Check: package dependencies
Result: NOTE
Package suggested but not available for checking: ‘gurobi’
Flavors: r-devel-linux-x86_64-debian-clang, r-devel-linux-x86_64-debian-gcc, r-devel-linux-x86_64-fedora-clang, r-devel-linux-x86_64-fedora-gcc, r-devel-windows-x86_64, r-patched-linux-x86_64, r-release-linux-x86_64, r-release-macos-arm64, r-release-macos-x86_64, r-release-windows-x86_64, r-oldrel-macos-arm64, r-oldrel-macos-x86_64, r-oldrel-windows-x86_64
Version: 1.5.1
Check: installed package size
Result: NOTE
installed size is 9.0Mb
sub-directories of 1Mb or more:
libs 6.5Mb
Flavors: r-release-macos-arm64, r-release-macos-x86_64, r-oldrel-macos-arm64, r-oldrel-macos-x86_64