CRAN Package Check Results for Package TestingSimilarity

Last updated on 2023-02-03 16:55:45 CET.

Flavor Version Tinstall Tcheck Ttotal Status Flags
r-devel-linux-x86_64-debian-clang 1.1 5.79 50.42 56.21 NOTE
r-devel-linux-x86_64-debian-gcc 1.1 4.55 38.62 43.17 NOTE
r-devel-linux-x86_64-fedora-clang 1.1 76.14 NOTE
r-devel-linux-x86_64-fedora-gcc 1.1 71.00 NOTE
r-patched-linux-x86_64 1.1 6.26 47.75 54.01 NOTE
r-release-linux-x86_64 1.1 4.29 48.64 52.93 NOTE
r-release-macos-arm64 1.1 16.00 NOTE
r-release-macos-x86_64 1.1 24.00 NOTE
r-release-windows-x86_64 1.1 33.00 86.00 119.00 NOTE
r-oldrel-macos-arm64 1.1 22.00 NOTE
r-oldrel-macos-x86_64 1.1 30.00 NOTE
r-oldrel-windows-ix86+x86_64 1.1 14.00 75.00 89.00 NOTE

Check Details

Version: 1.1
Check: LazyData
Result: NOTE
     'LazyData' is specified without a 'data' directory
Flavors: r-devel-linux-x86_64-debian-clang, r-devel-linux-x86_64-debian-gcc, r-devel-linux-x86_64-fedora-clang, r-devel-linux-x86_64-fedora-gcc, r-patched-linux-x86_64, r-release-linux-x86_64, r-release-macos-arm64, r-release-macos-x86_64, r-release-windows-x86_64, r-oldrel-macos-arm64, r-oldrel-macos-x86_64, r-oldrel-windows-ix86+x86_64