CRAN Package Check Results for Package TestingSimilarity

Last updated on 2022-10-07 14:00:28 CEST.

Flavor Version Tinstall Tcheck Ttotal Status Flags
r-devel-linux-x86_64-debian-clang 1.1 2.11 32.77 34.88 NOTE
r-devel-linux-x86_64-debian-gcc 1.1 1.72 25.25 26.97 NOTE
r-devel-linux-x86_64-fedora-clang 1.1 55.98 NOTE
r-devel-linux-x86_64-fedora-gcc 1.1 54.01 NOTE
r-devel-windows-x86_64 1.1 24.00 59.00 83.00 NOTE
r-patched-linux-x86_64 1.1 2.76 30.51 33.27 NOTE
r-release-linux-x86_64 1.1 2.56 30.18 32.74 NOTE
r-release-macos-arm64 1.1 16.00 NOTE
r-release-macos-x86_64 1.1 24.00 NOTE
r-release-windows-x86_64 1.1 63.00 54.00 117.00 NOTE
r-oldrel-macos-arm64 1.1 22.00 NOTE
r-oldrel-macos-x86_64 1.1 30.00 NOTE
r-oldrel-windows-ix86+x86_64 1.1 7.00 292.00 299.00 NOTE

Check Details

Version: 1.1
Check: LazyData
Result: NOTE
     'LazyData' is specified without a 'data' directory
Flavors: r-devel-linux-x86_64-debian-clang, r-devel-linux-x86_64-debian-gcc, r-devel-linux-x86_64-fedora-clang, r-devel-linux-x86_64-fedora-gcc, r-devel-windows-x86_64, r-patched-linux-x86_64, r-release-linux-x86_64, r-release-macos-arm64, r-release-macos-x86_64, r-release-windows-x86_64, r-oldrel-macos-arm64, r-oldrel-macos-x86_64, r-oldrel-windows-ix86+x86_64