CRAN Package Check Results for Package Tex4exams

Last updated on 2024-04-18 03:52:12 CEST.

Flavor Version Tinstall Tcheck Ttotal Status Flags
r-devel-linux-x86_64-debian-clang 0.1.2 3.18 33.00 36.18 NOTE
r-devel-linux-x86_64-debian-gcc 0.1.2 2.49 25.10 27.59 NOTE
r-devel-linux-x86_64-fedora-clang 0.1.2 45.50 NOTE
r-devel-linux-x86_64-fedora-gcc 0.1.2 43.33 NOTE
r-prerel-macos-arm64 0.1.2 18.00 NOTE
r-prerel-windows-x86_64 0.1.2 3.00 51.00 54.00 NOTE
r-patched-linux-x86_64 0.1.2 3.60 30.73 34.33 NOTE
r-release-linux-x86_64 0.1.2 3.65 31.59 35.24 OK
r-release-macos-arm64 0.1.2 20.00 OK
r-release-macos-x86_64 0.1.2 44.00 OK
r-release-windows-x86_64 0.1.2 3.00 53.00 56.00 OK
r-oldrel-macos-arm64 0.1.2 19.00 OK
r-oldrel-windows-x86_64 0.1.2 6.00 58.00 64.00 OK

Check Details

Version: 0.1.2
Check: Rd files
Result: NOTE checkRd: (-1) permucycle.Rd:37: Lost braces; missing escapes or markup? 37 | {The 2 in the first row means there are two cycles;} | ^ checkRd: (-1) permucycle.Rd:38: Lost braces; missing escapes or markup? 38 | {The second row means there is a cycle of length 2, with members (1,3);} | ^ checkRd: (-1) permucycle.Rd:39: Lost braces; missing escapes or markup? 39 | {The third row means there is a cycle of length 1, with member (2);} | ^ checkRd: (-1) permucycle.Rd:40: Lost braces; missing escapes or markup? 40 | {The fourth row is redundant for this specific case.} | ^ checkRd: (-1) permucycle.Rd:41: Lost braces; missing escapes or markup? 41 | {One can read from the output of permucycle() to obtain cycle notation (13)(2) of the permutation, and other information.} | ^ Flavors: r-devel-linux-x86_64-debian-clang, r-devel-linux-x86_64-debian-gcc, r-devel-linux-x86_64-fedora-clang, r-devel-linux-x86_64-fedora-gcc, r-prerel-macos-arm64, r-prerel-windows-x86_64, r-patched-linux-x86_64