CRAN Package Check Results for Package ThankYouStars

Last updated on 2022-06-28 10:49:22 CEST.

Flavor Version Tinstall Tcheck Ttotal Status Flags
r-devel-linux-x86_64-debian-clang 0.2.0 2.28 24.90 27.18 NOTE
r-devel-linux-x86_64-debian-gcc 0.2.0 1.74 19.73 21.47 NOTE
r-devel-linux-x86_64-fedora-clang 0.2.0 43.32 NOTE
r-devel-linux-x86_64-fedora-gcc 0.2.0 53.78 NOTE
r-devel-windows-x86_64 0.2.0 13.00 51.00 64.00 NOTE
r-patched-linux-x86_64 0.2.0 2.08 24.74 26.82 NOTE
r-release-linux-x86_64 0.2.0 2.05 24.98 27.03 NOTE
r-release-macos-arm64 0.2.0 19.00 NOTE
r-release-macos-x86_64 0.2.0 87.00 NOTE
r-release-windows-x86_64 0.2.0 15.00 49.00 64.00 NOTE
r-oldrel-macos-arm64 0.2.0 24.00 NOTE
r-oldrel-macos-x86_64 0.2.0 49.00 NOTE
r-oldrel-windows-ix86+x86_64 0.2.0 6.00 42.00 48.00 NOTE

Check Details

Version: 0.2.0
Check: LazyData
Result: NOTE
     'LazyData' is specified without a 'data' directory
Flavors: r-devel-linux-x86_64-debian-clang, r-devel-linux-x86_64-debian-gcc, r-devel-linux-x86_64-fedora-clang, r-devel-linux-x86_64-fedora-gcc, r-devel-windows-x86_64, r-patched-linux-x86_64, r-release-linux-x86_64, r-release-macos-arm64, r-release-macos-x86_64, r-release-windows-x86_64, r-oldrel-macos-arm64, r-oldrel-macos-x86_64, r-oldrel-windows-ix86+x86_64