CRAN Package Check Results for Package TheOpenAIR

Last updated on 2024-02-27 10:54:30 CET.

Flavor Version Tinstall Tcheck Ttotal Status Flags
r-devel-linux-x86_64-debian-clang 0.1.0 12.44 101.42 113.86 OK
r-devel-linux-x86_64-debian-gcc 0.1.0 9.70 76.94 86.64 OK
r-devel-linux-x86_64-fedora-clang 0.1.0 138.17 NOTE
r-devel-linux-x86_64-fedora-gcc 0.1.0 134.37 NOTE
r-devel-windows-x86_64 0.1.0 11.00 104.00 115.00 OK
r-patched-linux-x86_64 0.1.0 13.03 98.70 111.73 OK
r-release-linux-x86_64 0.1.0 11.93 98.76 110.69 OK
r-release-macos-arm64 0.1.0 43.00 OK
r-release-macos-x86_64 0.1.0 102.00 OK
r-release-windows-x86_64 0.1.0 14.00 216.00 230.00 OK
r-oldrel-macos-arm64 0.1.0 41.00 OK
r-oldrel-windows-x86_64 0.1.0 15.00 121.00 136.00 OK

Check Details

Version: 0.1.0
Check: data for non-ASCII characters
Result: NOTE Note: found 1 marked UTF-8 string Flavors: r-devel-linux-x86_64-fedora-clang, r-devel-linux-x86_64-fedora-gcc