CRAN Package Check Results for Package ThermalSampleR

Last updated on 2022-07-03 11:10:23 CEST.

Flavor Version Tinstall Tcheck Ttotal Status Flags
r-devel-linux-x86_64-debian-clang 0.1.0 7.00 66.68 73.68 OK
r-devel-linux-x86_64-debian-gcc 0.1.0 5.93 49.68 55.61 OK
r-devel-linux-x86_64-fedora-clang 0.1.0 96.19 NOTE
r-devel-linux-x86_64-fedora-gcc 0.1.0 92.66 NOTE
r-devel-windows-x86_64 0.1.0 32.00 92.00 124.00 OK
r-patched-linux-x86_64 0.1.0 6.82 61.93 68.75 OK
r-release-linux-x86_64 0.1.0 5.09 60.71 65.80 OK
r-release-macos-arm64 0.1.0 28.00 NOTE
r-release-macos-x86_64 0.1.0 51.00 NOTE
r-release-windows-x86_64 0.1.0 19.00 94.00 113.00 OK
r-oldrel-macos-arm64 0.1.0 26.00 NOTE
r-oldrel-macos-x86_64 0.1.0 39.00 NOTE
r-oldrel-windows-ix86+x86_64 0.1.0 18.00 87.00 105.00 OK

Check Details

Version: 0.1.0
Check: dependencies in R code
Result: NOTE
    Namespaces in Imports field not imported from:
     ‘MASS’ ‘base’ ‘graphics’ ‘janitor’ ‘rlang’ ‘utils’
     All declared Imports should be used.
Flavors: r-devel-linux-x86_64-fedora-clang, r-devel-linux-x86_64-fedora-gcc, r-release-macos-arm64, r-release-macos-x86_64, r-oldrel-macos-arm64, r-oldrel-macos-x86_64