CRAN Package Check Results for Package Thinknum

Last updated on 2020-04-01 07:51:24 CEST.

Flavor Version Tinstall Tcheck Ttotal Status Flags
r-devel-linux-x86_64-debian-clang 1.3.0 2.45 24.41 26.86 NOTE
r-devel-linux-x86_64-debian-gcc 1.3.0 1.89 19.52 21.41 NOTE
r-devel-linux-x86_64-fedora-clang 1.3.0 33.63 NOTE
r-devel-linux-x86_64-fedora-gcc 1.3.0 31.75 NOTE
r-devel-windows-ix86+x86_64 1.3.0 7.00 47.00 54.00 NOTE
r-devel-windows-ix86+x86_64-gcc8 1.3.0 6.00 38.00 44.00 NOTE
r-patched-linux-x86_64 1.3.0 2.59 23.48 26.07 NOTE
r-patched-solaris-x86 1.3.0 55.60 NOTE
r-release-linux-x86_64 1.3.0 1.96 21.92 23.88 NOTE
r-release-windows-ix86+x86_64 1.3.0 4.00 35.00 39.00 NOTE
r-release-osx-x86_64 1.3.0 NOTE
r-oldrel-windows-ix86+x86_64 1.3.0 2.00 33.00 35.00 NOTE
r-oldrel-osx-x86_64 1.3.0 NOTE

Check Details

Version: 1.3.0
Check: DESCRIPTION meta-information
Result: NOTE
    Malformed Description field: should contain one or more complete sentences.
Flavors: r-devel-linux-x86_64-debian-clang, r-devel-linux-x86_64-debian-gcc, r-devel-linux-x86_64-fedora-clang, r-devel-linux-x86_64-fedora-gcc, r-devel-windows-ix86+x86_64, r-devel-windows-ix86+x86_64-gcc8, r-patched-linux-x86_64, r-patched-solaris-x86, r-release-linux-x86_64, r-release-windows-ix86+x86_64, r-release-osx-x86_64, r-oldrel-windows-ix86+x86_64, r-oldrel-osx-x86_64

Version: 1.3.0
Check: R code for possible problems
Result: NOTE
    Thinknum: no visible global function definition for 'URLencode'
    Undefined global functions or variables:
     URLencode
    Consider adding
     importFrom("utils", "URLencode")
    to your NAMESPACE file.
Flavors: r-devel-linux-x86_64-debian-clang, r-devel-linux-x86_64-debian-gcc, r-devel-linux-x86_64-fedora-clang, r-devel-linux-x86_64-fedora-gcc, r-devel-windows-ix86+x86_64, r-devel-windows-ix86+x86_64-gcc8, r-patched-linux-x86_64, r-patched-solaris-x86, r-release-linux-x86_64, r-release-windows-ix86+x86_64, r-release-osx-x86_64, r-oldrel-windows-ix86+x86_64, r-oldrel-osx-x86_64