Last updated on 2023-12-05 20:49:48 CET.
Flavor | Version | Tinstall | Tcheck | Ttotal | Status | Flags |
---|---|---|---|---|---|---|
r-devel-linux-x86_64-debian-clang | 1.0-4 | 3.93 | 44.66 | 48.59 | NOTE | |
r-devel-linux-x86_64-debian-gcc | 1.0-4 | 3.17 | 34.27 | 37.44 | NOTE | |
r-devel-linux-x86_64-fedora-clang | 1.0-4 | 61.94 | NOTE | |||
r-devel-linux-x86_64-fedora-gcc | 1.0-4 | 70.55 | NOTE | |||
r-devel-windows-x86_64 | 1.0-4 | 5.00 | 60.00 | 65.00 | NOTE | |
r-patched-linux-x86_64 | 1.0-4 | 5.00 | 45.70 | 50.70 | OK | |
r-release-linux-x86_64 | 1.0-4 | 3.71 | 42.97 | 46.68 | OK | |
r-release-macos-arm64 | 1.0-4 | 27.00 | OK | |||
r-release-macos-x86_64 | 1.0-4 | 43.00 | OK | |||
r-release-windows-x86_64 | 1.0-4 | 5.00 | 63.00 | 68.00 | OK | |
r-oldrel-macos-arm64 | 1.0-4 | 24.00 | OK | |||
r-oldrel-macos-x86_64 | 1.0-4 | 32.00 | OK | |||
r-oldrel-windows-x86_64 | 1.0-4 | 6.00 | 63.00 | 69.00 | OK |
Version: 1.0-4
Check: Rd \usage sections
Result: NOTE
Documented arguments not in \usage in Rd file 'poisson_likelihood.Rd':
‘rate_exp’ ‘rate_ref’ ‘rate_pla’
Functions with \usage entries need to have the appropriate \alias
entries, and all their arguments documented.
The \usage entries must correspond to syntactically valid R code.
See chapter ‘Writing R documentation files’ in the ‘Writing R
Extensions’ manual.
Flavors: r-devel-linux-x86_64-debian-clang, r-devel-linux-x86_64-debian-gcc, r-devel-linux-x86_64-fedora-clang, r-devel-linux-x86_64-fedora-gcc, r-devel-windows-x86_64