Last updated on 2023-12-07 13:48:46 CET.
Flavor | Version | Tinstall | Tcheck | Ttotal | Status | Flags |
---|---|---|---|---|---|---|
r-devel-linux-x86_64-debian-clang | 1.2.3 | 61.70 | 424.51 | 486.21 | OK | |
r-devel-linux-x86_64-debian-gcc | 1.2.3 | 40.20 | 292.29 | 332.49 | OK | |
r-devel-linux-x86_64-fedora-clang | 1.2.3 | 573.03 | OK | |||
r-devel-linux-x86_64-fedora-gcc | 1.2.3 | 589.82 | OK | |||
r-devel-windows-x86_64 | 1.2.3 | 45.00 | 379.00 | 424.00 | OK | |
r-patched-linux-x86_64 | 1.2.3 | 52.35 | 392.26 | 444.61 | OK | |
r-release-linux-x86_64 | 1.2.3 | 51.86 | 409.77 | 461.63 | OK | |
r-release-macos-arm64 | 1.2.3 | 186.00 | NOTE | |||
r-release-macos-x86_64 | 1.2.3 | 439.00 | NOTE | |||
r-release-windows-x86_64 | 1.2.3 | 59.00 | 433.00 | 492.00 | OK | |
r-oldrel-macos-arm64 | 1.2.3 | 203.00 | NOTE | |||
r-oldrel-macos-x86_64 | 1.2.3 | 225.00 | NOTE | |||
r-oldrel-windows-x86_64 | 1.2.3 | 51.00 | 421.00 | 472.00 | OK |
Version: 1.2.3
Check: installed package size
Result: NOTE
installed size is 6.1Mb
sub-directories of 1Mb or more:
doc 1.7Mb
libs 3.8Mb
Flavors: r-release-macos-arm64, r-release-macos-x86_64, r-oldrel-macos-arm64, r-oldrel-macos-x86_64