CRAN Package Check Results for Package TiPS

Last updated on 2021-10-20 01:49:01 CEST.

Flavor Version Tinstall Tcheck Ttotal Status Flags
r-devel-linux-x86_64-debian-clang 1.0 46.28 134.31 180.59 OK
r-devel-linux-x86_64-debian-gcc 1.0 34.71 67.49 102.20 OK
r-devel-linux-x86_64-fedora-clang 1.0 292.21 OK
r-devel-linux-x86_64-fedora-gcc 1.0 332.16 OK
r-devel-windows-x86_64 1.0 59.00 135.00 194.00 OK
r-devel-windows-x86_64-gcc10-UCRT 1.0 WARN
r-patched-linux-x86_64 1.0 43.66 97.02 140.68 OK
r-patched-solaris-x86 1.0 149.00 OK
r-release-linux-x86_64 1.0 41.04 85.57 126.61 OK
r-release-macos-arm64 1.0 NOTE
r-release-macos-x86_64 1.0 OK
r-release-windows-ix86+x86_64 1.0 88.00 181.00 269.00 OK
r-oldrel-macos-x86_64 1.0 OK
r-oldrel-windows-ix86+x86_64 1.0 123.00 172.00 295.00 OK

Check Details

Version: 1.0
Check: re-building of vignette outputs
Result: WARN
    Error(s) in re-building vignettes:
    --- re-building 'TiPS.Rmd' using rmarkdown
    Building the simulator ...
    Compiling the simulator ...
    Process complete.
    Failure. You should try other parameter values.
    Quitting from lines 143-147 (TiPS.Rmd)
    Error: processing vignette 'TiPS.Rmd' failed with diagnostics:
    basic_string::_M_create
    --- failed re-building 'TiPS.Rmd'
    
    SUMMARY: processing the following file failed:
     'TiPS.Rmd'
    
    Error: Vignette re-building failed.
    Execution halted
Flavor: r-devel-windows-x86_64-gcc10-UCRT

Version: 1.0
Check: installed package size
Result: NOTE
     installed size is 5.7Mb
     sub-directories of 1Mb or more:
     doc 1.2Mb
     libs 4.3Mb
Flavor: r-release-macos-arm64