CRAN Package Check Results for Package TiddlyWikiR

Last updated on 2020-03-31 18:47:55 CEST.

Flavor Version Tinstall Tcheck Ttotal Status Flags
r-devel-linux-x86_64-debian-clang 1.0.1 3.71 25.09 28.80 NOTE
r-devel-linux-x86_64-debian-gcc 1.0.1 3.42 20.21 23.63 NOTE
r-devel-linux-x86_64-fedora-clang 1.0.1 38.08 NOTE
r-devel-linux-x86_64-fedora-gcc 1.0.1 34.98 NOTE
r-devel-windows-ix86+x86_64 1.0.1 9.00 37.00 46.00 NOTE
r-devel-windows-ix86+x86_64-gcc8 1.0.1 10.00 37.00 47.00 NOTE
r-patched-linux-x86_64 1.0.1 3.45 24.61 28.06 NOTE
r-patched-solaris-x86 1.0.1 57.50 NOTE
r-release-linux-x86_64 1.0.1 2.79 23.06 25.85 NOTE
r-release-windows-ix86+x86_64 1.0.1 13.00 53.00 66.00 NOTE
r-release-osx-x86_64 1.0.1 NOTE
r-oldrel-windows-ix86+x86_64 1.0.1 8.00 54.00 62.00 NOTE
r-oldrel-osx-x86_64 1.0.1 NOTE

Check Details

Version: 1.0.1
Check: DESCRIPTION meta-information
Result: NOTE
    Malformed Title field: should not end in a period.
Flavors: r-devel-linux-x86_64-debian-clang, r-devel-linux-x86_64-debian-gcc, r-devel-linux-x86_64-fedora-clang, r-devel-linux-x86_64-fedora-gcc, r-devel-windows-ix86+x86_64, r-devel-windows-ix86+x86_64-gcc8, r-patched-linux-x86_64, r-patched-solaris-x86, r-release-linux-x86_64, r-release-windows-ix86+x86_64, r-release-osx-x86_64, r-oldrel-windows-ix86+x86_64, r-oldrel-osx-x86_64

Version: 1.0.1
Check: R code for possible problems
Result: NOTE
    newTiddler: no visible global function definition for 'new'
    twImage: no visible global function definition for 'new'
    twLink: no visible global function definition for 'new'
    twList: no visible global function definition for 'new'
    twTable: no visible global function definition for 'new'
    Undefined global functions or variables:
     new
    Consider adding
     importFrom("methods", "new")
    to your NAMESPACE file (and ensure that your DESCRIPTION Imports field
    contains 'methods').
Flavors: r-devel-linux-x86_64-debian-clang, r-devel-linux-x86_64-debian-gcc, r-devel-linux-x86_64-fedora-clang, r-devel-linux-x86_64-fedora-gcc, r-devel-windows-ix86+x86_64, r-devel-windows-ix86+x86_64-gcc8, r-patched-linux-x86_64, r-patched-solaris-x86, r-release-linux-x86_64, r-release-windows-ix86+x86_64, r-release-osx-x86_64, r-oldrel-windows-ix86+x86_64, r-oldrel-osx-x86_64

Version: 1.0.1
Check: dependencies in R code
Result: NOTE
    Namespace in Imports field not imported from: ‘methods’
     All declared Imports should be used.
Flavors: r-devel-linux-x86_64-fedora-clang, r-devel-linux-x86_64-fedora-gcc, r-patched-solaris-x86, r-release-osx-x86_64, r-oldrel-osx-x86_64