CRAN Package Check Results for Package TideCurves

Last updated on 2020-04-09 22:50:42 CEST.

Flavor Version Tinstall Tcheck Ttotal Status Flags
r-devel-linux-x86_64-debian-clang 0.0.4 5.08 43.28 48.36 OK
r-devel-linux-x86_64-debian-gcc 0.0.4 4.29 32.43 36.72 OK
r-devel-linux-x86_64-fedora-clang 0.0.4 58.18 OK
r-devel-linux-x86_64-fedora-gcc 0.0.4 55.50 OK
r-devel-windows-ix86+x86_64 0.0.4 9.00 79.00 88.00 OK
r-devel-windows-ix86+x86_64-gcc8 0.0.4 10.00 51.00 61.00 OK
r-patched-linux-x86_64 0.0.4 4.78 40.58 45.36 OK
r-patched-osx-x86_64 0.0.4 OK
r-patched-solaris-x86 0.0.4 84.50 OK
r-release-linux-x86_64 0.0.4 4.48 37.28 41.76 OK
r-release-windows-ix86+x86_64 0.0.4 9.00 79.00 88.00 OK
r-release-osx-x86_64 0.0.4 OK
r-oldrel-windows-ix86+x86_64 0.0.3 5.00 72.00 77.00 OK
r-oldrel-osx-x86_64 0.0.4 ERROR

Check Details

Version: 0.0.4
Check: whether package can be installed
Result: ERROR
    Installation failed.
Flavor: r-oldrel-osx-x86_64