Last updated on 2022-07-04 16:52:41 CEST.
Flavor | Version | Tinstall | Tcheck | Ttotal | Status | Flags |
---|---|---|---|---|---|---|
r-devel-linux-x86_64-debian-clang | 0.1.0 | 2.23 | 23.68 | 25.91 | OK | |
r-devel-linux-x86_64-debian-gcc | 0.1.0 | 2.34 | 18.28 | 20.62 | OK | |
r-devel-linux-x86_64-fedora-clang | 0.1.0 | 44.65 | WARN | |||
r-devel-linux-x86_64-fedora-gcc | 0.1.0 | 41.55 | WARN | |||
r-devel-windows-x86_64 | 0.1.0 | 17.00 | 56.00 | 73.00 | OK | |
r-patched-linux-x86_64 | 0.1.0 | 2.77 | 22.63 | 25.40 | OK | |
r-release-linux-x86_64 | 0.1.0 | 2.62 | 22.66 | 25.28 | OK | |
r-release-macos-arm64 | 0.1.0 | 17.00 | NOTE | |||
r-release-macos-x86_64 | 0.1.0 | 25.00 | NOTE | |||
r-release-windows-x86_64 | 0.1.0 | 16.00 | 113.00 | 129.00 | OK | |
r-oldrel-macos-arm64 | 0.1.0 | 16.00 | NOTE | |||
r-oldrel-macos-x86_64 | 0.1.0 | 23.00 | NOTE | |||
r-oldrel-windows-ix86+x86_64 | 0.1.0 | 12.00 | 45.00 | 57.00 | OK |
Version: 0.1.0
Check: package dependencies
Result: WARN
Requires (indirectly) orphaned package: ‘gtools’
Flavors: r-devel-linux-x86_64-fedora-clang, r-devel-linux-x86_64-fedora-gcc
Version: 0.1.0
Check: dependencies in R code
Result: NOTE
Namespaces in Imports field not imported from:
‘autostats’ ‘badger’ ‘framecleaner’ ‘presenter’ ‘tidybins’ ‘validata’
All declared Imports should be used.
Flavors: r-devel-linux-x86_64-fedora-clang, r-devel-linux-x86_64-fedora-gcc, r-release-macos-arm64, r-release-macos-x86_64, r-oldrel-macos-arm64, r-oldrel-macos-x86_64