CRAN Package Check Results for Package TidyMultiqc

Last updated on 2021-09-27 15:48:56 CEST.

Flavor Version Tinstall Tcheck Ttotal Status Flags
r-devel-linux-x86_64-debian-clang 0.1.0 2.13 40.95 43.08 OK
r-devel-linux-x86_64-debian-gcc 0.1.0 2.00 32.01 34.01 OK
r-devel-linux-x86_64-fedora-clang 0.1.0 61.71 NOTE
r-devel-linux-x86_64-fedora-gcc 0.1.0 50.34 NOTE
r-devel-windows-x86_64 0.1.0 4.00 50.00 54.00 OK
r-devel-windows-x86_64-gcc10-UCRT 0.1.0 NOTE
r-patched-linux-x86_64 0.1.0 2.40 38.55 40.95 OK
r-patched-solaris-x86 0.1.0 73.60 NOTE
r-release-linux-x86_64 0.1.0 2.28 38.57 40.85 OK
r-release-macos-arm64 0.1.0 NOTE
r-release-macos-x86_64 0.1.0 NOTE
r-release-windows-ix86+x86_64 0.1.0 6.00 61.00 67.00 OK
r-oldrel-macos-x86_64 0.1.0 NOTE
r-oldrel-windows-ix86+x86_64 0.1.0 5.00 47.00 52.00 OK

Check Details

Version: 0.1.0
Check: dependencies in R code
Result: NOTE
    Namespace in Imports field not imported from: ‘tibble’
     All declared Imports should be used.
Flavors: r-devel-linux-x86_64-fedora-clang, r-devel-linux-x86_64-fedora-gcc, r-devel-windows-x86_64-gcc10-UCRT, r-patched-solaris-x86, r-release-macos-arm64, r-release-macos-x86_64, r-oldrel-macos-x86_64