CRAN Package Check Results for Package TileManager

Last updated on 2020-05-28 17:50:20 CEST.

Flavor Version Tinstall Tcheck Ttotal Status Flags
r-devel-linux-x86_64-debian-clang 0.4.0 4.37 52.37 56.74 OK
r-devel-linux-x86_64-debian-gcc 0.4.0 3.54 40.06 43.60 OK
r-devel-linux-x86_64-fedora-clang 0.4.0 66.82 OK
r-devel-linux-x86_64-fedora-gcc 0.4.0 68.60 OK
r-devel-windows-ix86+x86_64 0.4.0 14.00 84.00 98.00 OK
r-patched-linux-x86_64 0.4.0 5.32 51.84 57.16 OK
r-patched-solaris-x86 0.4.0 4.30 ERROR
r-release-linux-x86_64 0.4.0 4.89 52.46 57.35 OK
r-release-osx-x86_64 0.4.0 OK
r-release-windows-ix86+x86_64 0.4.0 9.00 81.00 90.00 OK
r-oldrel-osx-x86_64 0.4.0 OK
r-oldrel-windows-ix86+x86_64 0.4.0 9.00 60.00 69.00 OK

Check Details

Version: 0.4.0
Check: package dependencies
Result: ERROR
    Package required but not available: ‘APfun’
    
    See section ‘The DESCRIPTION file’ in the ‘Writing R Extensions’
    manual.
Flavor: r-patched-solaris-x86