CRAN Package Check Results for Package TileManager

Last updated on 2019-05-22 06:47:54 CEST.

Flavor Version Tinstall Tcheck Ttotal Status Flags
r-devel-linux-x86_64-debian-clang 0.3.0 2.57 34.98 37.55 OK
r-devel-linux-x86_64-debian-gcc 0.3.0 1.79 27.76 29.55 OK
r-devel-linux-x86_64-fedora-clang 0.3.0 45.07 NOTE
r-devel-linux-x86_64-fedora-gcc 0.3.0 43.84 NOTE
r-devel-windows-ix86+x86_64 0.3.0 4.00 76.00 80.00 OK
r-patched-linux-x86_64 0.3.0 2.71 34.64 37.35 OK
r-patched-solaris-x86 0.3.0 71.00 NOTE
r-release-linux-x86_64 0.3.0 2.66 34.73 37.39 OK
r-release-windows-ix86+x86_64 0.3.0 6.00 49.00 55.00 OK
r-release-osx-x86_64 0.3.0 NOTE
r-oldrel-windows-ix86+x86_64 0.3.0 3.00 44.00 47.00 OK
r-oldrel-osx-x86_64 0.3.0 NOTE

Check Details

Version: 0.3.0
Check: dependencies in R code
Result: NOTE
    Namespace in Imports field not imported from: ‘graphics’
     All declared Imports should be used.
Flavors: r-devel-linux-x86_64-fedora-clang, r-devel-linux-x86_64-fedora-gcc, r-patched-solaris-x86, r-release-osx-x86_64, r-oldrel-osx-x86_64