CRAN Package Check Results for Package TopDom

Last updated on 2024-05-23 12:48:45 CEST.

Flavor Version Tinstall Tcheck Ttotal Status Flags
r-devel-linux-x86_64-debian-clang 0.10.1 8.80 92.60 101.40 NOTE
r-devel-linux-x86_64-debian-gcc 0.10.1 5.41 67.27 72.68 NOTE
r-devel-linux-x86_64-fedora-clang 0.10.1 123.03 NOTE
r-devel-linux-x86_64-fedora-gcc 0.10.1 119.94 NOTE
r-devel-windows-x86_64 0.10.1 8.00 89.00 97.00 NOTE
r-patched-linux-x86_64 0.10.1 8.13 87.55 95.68 NOTE
r-release-linux-x86_64 0.10.1 7.94 85.05 92.99 NOTE
r-release-macos-arm64 0.10.1 35.00 NOTE
r-release-windows-x86_64 0.10.1 8.00 89.00 97.00 NOTE
r-oldrel-macos-arm64 0.10.1 41.00 OK
r-oldrel-macos-x86_64 0.10.1 62.00 OK
r-oldrel-windows-x86_64 0.10.1 10.00 103.00 113.00 OK

Check Details

Version: 0.10.1
Check: Rd files
Result: NOTE checkRd: (-1) TopDom.Rd:21: Lost braces; missing escapes or markup? 21 | Recommended range is in {5, ..., 20}.} | ^ Flavors: r-devel-linux-x86_64-debian-clang, r-devel-linux-x86_64-debian-gcc, r-devel-linux-x86_64-fedora-clang, r-devel-linux-x86_64-fedora-gcc, r-devel-windows-x86_64, r-patched-linux-x86_64, r-release-linux-x86_64, r-release-macos-arm64, r-release-windows-x86_64