Last updated on 2023-02-02 14:51:12 CET.
Flavor | Version | Tinstall | Tcheck | Ttotal | Status | Flags |
---|---|---|---|---|---|---|
r-devel-linux-x86_64-debian-clang | 2.2-6 | 50.56 | 262.23 | 312.79 | NOTE | |
r-devel-linux-x86_64-debian-gcc | 2.2-6 | 35.86 | 195.19 | 231.05 | NOTE | |
r-devel-linux-x86_64-fedora-clang | 2.2-6 | 388.90 | NOTE | |||
r-devel-linux-x86_64-fedora-gcc | 2.2-6 | 384.09 | NOTE | |||
r-devel-windows-x86_64 | 2.2-6 | 132.00 | 383.00 | 515.00 | NOTE | |
r-patched-linux-x86_64 | 2.2-6 | 45.53 | 246.81 | 292.34 | OK | |
r-release-linux-x86_64 | 2.2-6 | 43.68 | 246.55 | 290.23 | OK | |
r-release-macos-arm64 | 2.2-6 | 117.00 | OK | |||
r-release-macos-x86_64 | 2.2-6 | 150.00 | OK | |||
r-release-windows-x86_64 | 2.2-6 | 117.00 | 379.00 | 496.00 | OK | |
r-oldrel-macos-arm64 | 2.2-6 | 118.00 | OK | |||
r-oldrel-macos-x86_64 | 2.2-6 | 147.00 | OK | |||
r-oldrel-windows-ix86+x86_64 | 2.2-6 | 102.00 | 385.00 | 487.00 | OK |
Version: 2.2-6
Check: C++ specification
Result: NOTE
Specified C++11: please update to current default of C++17
Flavors: r-devel-linux-x86_64-debian-clang, r-devel-linux-x86_64-debian-gcc, r-devel-linux-x86_64-fedora-clang, r-devel-linux-x86_64-fedora-gcc, r-devel-windows-x86_64