CRAN Package Check Results for Package TraceAssist

Last updated on 2022-05-17 15:53:31 CEST.

Flavor Version Tinstall Tcheck Ttotal Status Flags
r-devel-linux-x86_64-debian-clang 0.1.0 8.52 94.33 102.85 OK
r-devel-linux-x86_64-debian-gcc 0.1.0 7.37 69.98 77.35 OK
r-devel-linux-x86_64-fedora-clang 0.1.0 120.79 NOTE
r-devel-linux-x86_64-fedora-gcc 0.1.0 127.15 NOTE
r-devel-windows-x86_64 0.1.0 21.00 109.00 130.00 OK
r-patched-linux-x86_64 0.1.0 7.48 86.82 94.30 OK
r-release-linux-x86_64 0.1.0 9.39 89.10 98.49 OK
r-release-macos-arm64 0.1.0 33.00 NOTE
r-release-macos-x86_64 0.1.0 67.00 NOTE
r-release-windows-x86_64 0.1.0 23.00 108.00 131.00 OK
r-oldrel-macos-arm64 0.1.0 38.00 NOTE
r-oldrel-macos-x86_64 0.1.0 50.00 NOTE
r-oldrel-windows-ix86+x86_64 0.1.0 23.00 103.00 126.00 OK

Check Details

Version: 0.1.0
Check: dependencies in R code
Result: NOTE
    Namespace in Imports field not imported from: ‘Matrix’
     All declared Imports should be used.
Flavors: r-devel-linux-x86_64-fedora-clang, r-devel-linux-x86_64-fedora-gcc, r-release-macos-arm64, r-release-macos-x86_64, r-oldrel-macos-arm64, r-oldrel-macos-x86_64