CRAN Package Check Results for Package TraceAssist

Last updated on 2023-05-29 01:57:05 CEST.

Flavor Version Tinstall Tcheck Ttotal Status Flags
r-devel-linux-x86_64-debian-clang 0.1.0 10.66 85.30 95.96 OK
r-devel-linux-x86_64-debian-gcc 0.1.0 7.96 65.87 73.83 OK
r-devel-linux-x86_64-fedora-clang 0.1.0 117.25 NOTE
r-devel-linux-x86_64-fedora-gcc 0.1.0 132.28 NOTE
r-devel-windows-x86_64 0.1.0 10.00 84.00 94.00 OK
r-patched-linux-x86_64 0.1.0 8.82 81.82 90.64 OK
r-release-linux-x86_64 0.1.0 8.94 80.88 89.82 OK
r-release-macos-arm64 0.1.0 39.00 OK
r-release-macos-x86_64 0.1.0 59.00 OK
r-release-windows-x86_64 0.1.0 12.00 103.00 115.00 OK
r-oldrel-macos-arm64 0.1.0 33.00 NOTE
r-oldrel-macos-x86_64 0.1.0 67.00 NOTE
r-oldrel-windows-x86_64 0.1.0 12.00 96.00 108.00 OK

Check Details

Version: 0.1.0
Check: dependencies in R code
Result: NOTE
    Namespace in Imports field not imported from: ‘Matrix’
     All declared Imports should be used.
Flavors: r-devel-linux-x86_64-fedora-clang, r-devel-linux-x86_64-fedora-gcc, r-oldrel-macos-arm64, r-oldrel-macos-x86_64