CRAN Package Check Results for Package TrafficBDE

Last updated on 2020-07-16 19:47:38 CEST.

Flavor Version Tinstall Tcheck Ttotal Status Flags
r-devel-linux-x86_64-debian-clang 0.1.0 14.82 114.01 128.83 OK
r-devel-linux-x86_64-debian-gcc 0.1.0 11.27 86.48 97.75 OK
r-devel-linux-x86_64-fedora-clang 0.1.0 165.42 NOTE
r-devel-linux-x86_64-fedora-gcc 0.1.0 164.36 NOTE
r-devel-windows-ix86+x86_64 0.1.0 57.00 140.00 197.00 OK
r-patched-linux-x86_64 0.1.0 15.10 109.37 124.47 OK
r-patched-solaris-x86 0.1.0 228.70 NOTE
r-release-linux-x86_64 0.1.0 13.95 109.71 123.66 OK
r-release-windows-ix86+x86_64 0.1.0 54.00 167.00 221.00 OK
r-oldrel-macos-x86_64 0.1.0 NOTE
r-oldrel-windows-ix86+x86_64 0.1.0 41.00 162.00 203.00 OK

Check Details

Version: 0.1.0
Check: dependencies in R code
Result: NOTE
    Namespace in Imports field not imported from: ‘neuralnet’
     All declared Imports should be used.
Flavors: r-devel-linux-x86_64-fedora-clang, r-devel-linux-x86_64-fedora-gcc, r-patched-solaris-x86, r-oldrel-macos-x86_64