CRAN Package Check Results for Package TrafficBDE

Last updated on 2019-08-19 11:49:16 CEST.

Flavor Version Tinstall Tcheck Ttotal Status Flags
r-devel-linux-x86_64-debian-clang 0.1.0 12.26 98.57 110.83 OK
r-devel-linux-x86_64-debian-gcc 0.1.0 11.37 76.29 87.66 OK
r-devel-linux-x86_64-fedora-clang 0.1.0 131.48 NOTE
r-devel-linux-x86_64-fedora-gcc 0.1.0 129.34 NOTE
r-devel-windows-ix86+x86_64 0.1.0 37.00 156.00 193.00 OK
r-patched-linux-x86_64 0.1.0 11.13 93.68 104.81 OK
r-patched-solaris-x86 0.1.0 216.50 NOTE
r-release-linux-x86_64 0.1.0 10.70 93.15 103.85 OK
r-release-windows-ix86+x86_64 0.1.0 23.00 106.00 129.00 OK
r-release-osx-x86_64 0.1.0 NOTE
r-oldrel-windows-ix86+x86_64 0.1.0 22.00 149.00 171.00 OK
r-oldrel-osx-x86_64 0.1.0 NOTE

Check Details

Version: 0.1.0
Check: dependencies in R code
Result: NOTE
    Namespace in Imports field not imported from: ‘neuralnet’
     All declared Imports should be used.
Flavors: r-devel-linux-x86_64-fedora-clang, r-devel-linux-x86_64-fedora-gcc, r-patched-solaris-x86, r-release-osx-x86_64, r-oldrel-osx-x86_64