CRAN Package Check Results for Package TrafficBDE

Last updated on 2019-06-16 02:48:22 CEST.

Flavor Version Tinstall Tcheck Ttotal Status Flags
r-devel-linux-x86_64-debian-clang 0.1.0 10.48 97.76 108.24 OK
r-devel-linux-x86_64-debian-gcc 0.1.0 9.73 76.30 86.03 OK
r-devel-linux-x86_64-fedora-clang 0.1.0 127.83 NOTE
r-devel-linux-x86_64-fedora-gcc 0.1.0 123.52 NOTE
r-devel-windows-ix86+x86_64 0.1.0 36.00 163.00 199.00 OK
r-patched-linux-x86_64 0.1.0 10.46 94.90 105.36 OK
r-patched-solaris-x86 0.1.0 206.80 NOTE
r-release-linux-x86_64 0.1.0 11.66 95.47 107.13 OK
r-release-windows-ix86+x86_64 0.1.0 25.00 212.00 237.00 OK
r-release-osx-x86_64 0.1.0 NOTE
r-oldrel-windows-ix86+x86_64 0.1.0 15.00 167.00 182.00 OK
r-oldrel-osx-x86_64 0.1.0 NOTE

Check Details

Version: 0.1.0
Check: dependencies in R code
Result: NOTE
    Namespace in Imports field not imported from: ‘neuralnet’
     All declared Imports should be used.
Flavors: r-devel-linux-x86_64-fedora-clang, r-devel-linux-x86_64-fedora-gcc, r-patched-solaris-x86, r-release-osx-x86_64, r-oldrel-osx-x86_64