CRAN Package Check Results for Package TraitStats

Last updated on 2021-06-22 14:52:31 CEST.

Flavor Version Tinstall Tcheck Ttotal Status Flags
r-devel-linux-x86_64-debian-clang 1.0.1 10.69 69.17 79.86 OK
r-devel-linux-x86_64-debian-gcc 1.0.1 8.66 49.89 58.55 OK
r-devel-linux-x86_64-fedora-clang 1.0.1 103.53 OK
r-devel-linux-x86_64-fedora-gcc 1.0.1 91.60 OK
r-devel-windows-x86_64 1.0.1 16.00 79.00 95.00 OK
r-devel-windows-x86_64-gcc10-UCRT 1.0.1 ERROR
r-patched-linux-x86_64 1.0.1 10.65 65.11 75.76 OK
r-patched-solaris-x86 1.0.1 112.30 OK
r-release-linux-x86_64 1.0.1 9.37 65.73 75.10 OK
r-release-macos-arm64 1.0.1 OK
r-release-macos-x86_64 1.0.1 OK
r-release-windows-ix86+x86_64 1.0.1 19.00 84.00 103.00 OK
r-oldrel-macos-x86_64 1.0.1 OK

Check Details

Version: 1.0.1
Check: package dependencies
Result: ERROR
    Package required but not available: 'qpdf'
    
    See section 'The DESCRIPTION file' in the 'Writing R Extensions'
    manual.
Flavor: r-devel-windows-x86_64-gcc10-UCRT