CRAN Package Check Results for Package TreatmentPatterns

Last updated on 2024-04-21 00:10:49 CEST.

Flavor Version Tinstall Tcheck Ttotal Status Flags
r-devel-linux-x86_64-debian-clang 2.6.6 18.02 579.90 597.92 NOTE
r-devel-linux-x86_64-debian-gcc 2.6.6 17.23 412.73 429.96 NOTE
r-devel-linux-x86_64-fedora-clang 2.6.6 736.17 NOTE
r-devel-linux-x86_64-fedora-gcc 2.6.6 714.41 NOTE
r-prerel-macos-arm64 2.6.6 191.00 NOTE
r-prerel-macos-x86_64 2.6.6 481.00 NOTE
r-prerel-windows-x86_64 2.6.6 24.00 348.00 372.00 NOTE
r-patched-linux-x86_64 2.6.6 17.31 532.46 549.77 NOTE
r-release-linux-x86_64 2.6.5 12.46 536.46 548.92 NOTE
r-release-macos-arm64 2.6.6 187.00 NOTE
r-release-macos-x86_64 2.6.6 400.00 NOTE
r-release-windows-x86_64 2.6.5 21.00 502.00 523.00 NOTE
r-oldrel-macos-arm64 2.6.6 161.00 NOTE
r-oldrel-windows-x86_64 2.6.6 28.00 444.00 472.00 NOTE

Check Details

Version: 2.6.6
Check: package dependencies
Result: NOTE Packages suggested but not available for checking: 'Eunomia', 'CohortGenerator', 'Capr' Flavors: r-devel-linux-x86_64-debian-clang, r-devel-linux-x86_64-debian-gcc, r-devel-linux-x86_64-fedora-clang, r-devel-linux-x86_64-fedora-gcc

Version: 2.6.6
Check: package dependencies
Result: NOTE Packages suggested but not available for checking: 'Eunomia', 'CohortGenerator', 'CirceR', 'Capr' Flavors: r-prerel-macos-arm64, r-prerel-macos-x86_64, r-prerel-windows-x86_64, r-patched-linux-x86_64, r-release-macos-arm64, r-release-macos-x86_64, r-oldrel-macos-arm64, r-oldrel-windows-x86_64

Version: 2.6.5
Check: package dependencies
Result: NOTE Packages suggested but not available for checking: 'Eunomia', 'CohortGenerator', 'CirceR', 'Capr' Flavors: r-release-linux-x86_64, r-release-windows-x86_64