Last updated on 2025-01-13 22:50:25 CET.
Flavor | Version | Tinstall | Tcheck | Ttotal | Status | Flags |
---|---|---|---|---|---|---|
r-devel-linux-x86_64-debian-clang | 2.7.0 | 19.25 | 980.95 | 1000.20 | OK | |
r-devel-linux-x86_64-debian-gcc | 2.7.0 | 12.66 | 706.91 | 719.57 | OK | |
r-devel-linux-x86_64-fedora-clang | 2.7.0 | 1637.82 | OK | |||
r-devel-linux-x86_64-fedora-gcc | 2.7.0 | 1539.24 | OK | |||
r-devel-windows-x86_64 | 2.7.0 | 20.00 | 493.00 | 513.00 | OK | |
r-patched-linux-x86_64 | 2.7.0 | 18.59 | 943.92 | 962.51 | NOTE | |
r-release-linux-x86_64 | 2.7.0 | 19.72 | 946.37 | 966.09 | NOTE | |
r-release-macos-arm64 | 2.7.0 | 251.00 | NOTE | |||
r-release-macos-x86_64 | 2.7.0 | 378.00 | NOTE | |||
r-release-windows-x86_64 | 2.7.0 | 19.00 | 496.00 | 515.00 | NOTE | |
r-oldrel-macos-arm64 | 2.7.0 | 268.00 | NOTE | |||
r-oldrel-macos-x86_64 | 2.7.0 | 454.00 | NOTE | |||
r-oldrel-windows-x86_64 | 2.7.0 | 25.00 | 679.00 | 704.00 | NOTE |
Version: 2.7.0
Check: package dependencies
Result: NOTE
Package suggested but not available for checking: ‘Capr’
Flavors: r-patched-linux-x86_64, r-release-linux-x86_64, r-release-macos-arm64, r-release-macos-x86_64, r-release-windows-x86_64, r-oldrel-macos-arm64, r-oldrel-macos-x86_64, r-oldrel-windows-x86_64