CRAN Package Check Results for Package TreeDep

Last updated on 2019-03-23 05:48:24 CET.

Flavor Version Tinstall Tcheck Ttotal Status Flags
r-devel-linux-x86_64-debian-clang 0.1.3 7.54 63.21 70.75 OK
r-devel-linux-x86_64-debian-gcc 0.1.3 5.73 54.68 60.41 OK
r-devel-linux-x86_64-fedora-clang 0.1.3 92.38 OK
r-devel-linux-x86_64-fedora-gcc 0.1.3 88.34 OK
r-devel-windows-ix86+x86_64 0.1.3 18.00 107.00 125.00 OK
r-patched-linux-x86_64 0.1.3 6.67 68.18 74.85 OK
r-patched-solaris-x86 0.1.3 136.60 OK
r-release-linux-x86_64 0.1.3 0.34 2.45 2.79 ERROR
r-release-windows-ix86+x86_64 0.1.3 9.00 79.00 88.00 OK
r-release-osx-x86_64 0.1.3 OK
r-oldrel-windows-ix86+x86_64 0.1.3 15.00 110.00 125.00 OK
r-oldrel-osx-x86_64 0.1.3 OK

Check Details

Version: 0.1.3
Check: whether package can be installed
Result: ERROR
    Installation failed.
Flavor: r-release-linux-x86_64