Last updated on 2023-11-30 01:53:48 CET.
Flavor | Version | Tinstall | Tcheck | Ttotal | Status | Flags |
---|---|---|---|---|---|---|
r-devel-linux-x86_64-debian-clang | 2.7.0 | 60.02 | 287.21 | 347.23 | NOTE | |
r-devel-linux-x86_64-debian-gcc | 2.7.0 | 43.02 | 217.80 | 260.82 | NOTE | |
r-devel-linux-x86_64-fedora-clang | 2.7.0 | 475.00 | NOTE | |||
r-devel-linux-x86_64-fedora-gcc | 2.7.0 | 464.39 | NOTE | |||
r-devel-windows-x86_64 | 2.7.0 | 47.00 | 262.00 | 309.00 | NOTE | |
r-patched-linux-x86_64 | 2.7.0 | 39.07 | 277.16 | 316.23 | NOTE | |
r-release-linux-x86_64 | 2.7.0 | 34.25 | 283.38 | 317.63 | NOTE | |
r-release-macos-arm64 | 2.7.0 | 145.00 | NOTE | |||
r-release-macos-x86_64 | 2.7.0 | 288.00 | NOTE | |||
r-release-windows-x86_64 | 2.7.0 | 62.00 | 332.00 | 394.00 | NOTE | |
r-oldrel-macos-arm64 | 2.7.0 | 135.00 | NOTE | |||
r-oldrel-macos-x86_64 | 2.6.3 | 164.00 | NOTE | |||
r-oldrel-windows-x86_64 | 2.7.0 | 60.00 | 316.00 | 376.00 | NOTE |
Version: 2.7.0
Check: package dependencies
Result: NOTE
Package suggested but not available for checking: ‘TreeDistData’
Flavors: r-devel-linux-x86_64-debian-clang, r-devel-linux-x86_64-debian-gcc, r-devel-linux-x86_64-fedora-clang, r-devel-linux-x86_64-fedora-gcc, r-devel-windows-x86_64, r-patched-linux-x86_64, r-release-linux-x86_64, r-release-macos-arm64, r-release-macos-x86_64, r-release-windows-x86_64, r-oldrel-macos-arm64, r-oldrel-windows-x86_64
Version: 2.7.0
Check: installed package size
Result: NOTE
installed size is 5.9Mb
sub-directories of 1Mb or more:
doc 5.0Mb
Flavors: r-devel-linux-x86_64-fedora-clang, r-devel-windows-x86_64, r-release-macos-arm64, r-release-macos-x86_64, r-release-windows-x86_64, r-oldrel-macos-arm64, r-oldrel-windows-x86_64
Version: 2.6.3
Check: package dependencies
Result: NOTE
Package suggested but not available for checking: ‘TreeDistData’
Flavor: r-oldrel-macos-x86_64
Version: 2.6.3
Check: installed package size
Result: NOTE
installed size is 7.9Mb
sub-directories of 1Mb or more:
doc 4.9Mb
libs 2.3Mb
Flavor: r-oldrel-macos-x86_64