CRAN Package Check Results for Package TreeSim

Last updated on 2020-06-07 05:47:53 CEST.

Flavor Version Tinstall Tcheck Ttotal Status Flags
r-devel-linux-x86_64-debian-clang 2.4 12.42 80.47 92.89 OK
r-devel-linux-x86_64-debian-gcc 2.4 9.33 62.87 72.20 OK
r-devel-linux-x86_64-fedora-clang 2.4 120.87 OK
r-devel-linux-x86_64-fedora-gcc 2.4 112.39 OK
r-devel-windows-ix86+x86_64 2.4 5.00 8.00 13.00 ERROR
r-patched-linux-x86_64 2.4 10.83 78.89 89.72 OK
r-patched-solaris-x86 2.4 174.90 OK
r-release-linux-x86_64 2.4 10.82 79.74 90.56 OK
r-release-osx-x86_64 2.4 OK
r-release-windows-ix86+x86_64 2.4 23.00 140.00 163.00 OK
r-oldrel-osx-x86_64 2.4 OK
r-oldrel-windows-ix86+x86_64 2.4 17.00 56.00 73.00 OK

Check Details

Version: 2.4
Check: whether package can be installed
Result: ERROR
    Installation failed.
Flavor: r-devel-windows-ix86+x86_64