CRAN Package Check Results for Package TrialSize

Last updated on 2021-06-13 21:48:30 CEST.

Flavor Version Tinstall Tcheck Ttotal Status Flags
r-devel-linux-x86_64-debian-clang 1.4 7.02 35.56 42.58 OK
r-devel-linux-x86_64-debian-gcc 1.4 4.73 28.02 32.75 OK
r-devel-linux-x86_64-fedora-clang 1.4 60.46 NOTE
r-devel-linux-x86_64-fedora-gcc 1.4 49.51 NOTE
r-devel-windows-x86_64 1.4 10.00 44.00 54.00 OK
r-devel-windows-x86_64-gcc10-UCRT 1.4 OK
r-patched-linux-x86_64 1.4 6.59 34.76 41.35 OK
r-patched-solaris-x86 1.4 68.40 OK
r-release-linux-x86_64 1.4 5.76 34.90 40.66 OK
r-release-macos-arm64 1.4 OK
r-release-macos-x86_64 1.4 OK
r-release-windows-ix86+x86_64 1.4 11.00 47.00 58.00 OK
r-oldrel-macos-x86_64 1.4 OK
r-oldrel-windows-ix86+x86_64 1.4 12.00 57.00 69.00 OK

Check Details

Version: 1.4
Check: compiled code
Result: NOTE
    File ‘TrialSize/libs/TrialSize.so’:
     Found no calls to: ‘R_registerRoutines’, ‘R_useDynamicSymbols’
    
    It is good practice to register native routines and to disable symbol
    search.
    
    See ‘Writing portable packages’ in the ‘Writing R Extensions’ manual.
Flavors: r-devel-linux-x86_64-fedora-clang, r-devel-linux-x86_64-fedora-gcc