CRAN Package Check Results for Package TrialSize

Last updated on 2021-10-25 23:53:04 CEST.

Flavor Version Tinstall Tcheck Ttotal Status Flags
r-devel-linux-x86_64-debian-clang 1.4 5.63 34.20 39.83 OK
r-devel-linux-x86_64-debian-gcc 1.4 4.55 26.41 30.96 OK
r-devel-linux-x86_64-fedora-clang 1.4 61.27 NOTE
r-devel-linux-x86_64-fedora-gcc 1.4 49.17 NOTE
r-devel-windows-x86_64 1.4 11.00 49.00 60.00 OK
r-devel-windows-x86_64-gcc10-UCRT 1.4 OK
r-patched-linux-x86_64 1.4 7.40 33.21 40.61 OK
r-patched-solaris-x86 1.4 69.40 OK
r-release-linux-x86_64 1.4 5.94 33.39 39.33 OK
r-release-macos-arm64 1.4 OK
r-release-macos-x86_64 1.4 OK
r-release-windows-ix86+x86_64 1.4 15.00 60.00 75.00 OK
r-oldrel-macos-x86_64 1.4 OK
r-oldrel-windows-ix86+x86_64 1.4 12.00 57.00 69.00 OK

Check Details

Version: 1.4
Check: compiled code
Result: NOTE
    File ‘TrialSize/libs/TrialSize.so’:
     Found no calls to: ‘R_registerRoutines’, ‘R_useDynamicSymbols’
    
    It is good practice to register native routines and to disable symbol
    search.
    
    See ‘Writing portable packages’ in the ‘Writing R Extensions’ manual.
Flavors: r-devel-linux-x86_64-fedora-clang, r-devel-linux-x86_64-fedora-gcc