CRAN Package Check Results for Package TrialSize

Last updated on 2022-09-28 13:52:07 CEST.

Flavor Version Tinstall Tcheck Ttotal Status Flags
r-devel-linux-x86_64-debian-clang 1.4 6.73 40.12 46.85 OK
r-devel-linux-x86_64-debian-gcc 1.4 4.65 30.96 35.61 OK
r-devel-linux-x86_64-fedora-clang 1.4 73.13 NOTE
r-devel-linux-x86_64-fedora-gcc 1.4 69.50 NOTE
r-devel-windows-x86_64 1.4 81.00 83.00 164.00 OK
r-patched-linux-x86_64 1.4 7.34 37.44 44.78 OK
r-release-linux-x86_64 1.4 4.95 37.28 42.23 OK
r-release-macos-arm64 1.4 20.00 OK
r-release-macos-x86_64 1.4 29.00 OK
r-release-windows-x86_64 1.4 21.00 64.00 85.00 OK
r-oldrel-macos-arm64 1.4 24.00 OK
r-oldrel-macos-x86_64 1.4 39.00 OK
r-oldrel-windows-ix86+x86_64 1.4 15.00 60.00 75.00 OK

Check Details

Version: 1.4
Check: compiled code
Result: NOTE
    File ‘TrialSize/libs/TrialSize.so’:
     Found no calls to: ‘R_registerRoutines’, ‘R_useDynamicSymbols’
    
    It is good practice to register native routines and to disable symbol
    search.
    
    See ‘Writing portable packages’ in the ‘Writing R Extensions’ manual.
Flavors: r-devel-linux-x86_64-fedora-clang, r-devel-linux-x86_64-fedora-gcc