Last updated on 2023-06-02 02:55:32 CEST.
Flavor | Version | Tinstall | Tcheck | Ttotal | Status | Flags |
---|---|---|---|---|---|---|
r-devel-linux-x86_64-debian-clang | 2.2.2 | 52.42 | 196.53 | 248.95 | NOTE | |
r-devel-linux-x86_64-debian-gcc | 2.2.2 | 37.85 | 148.88 | 186.73 | NOTE | |
r-devel-linux-x86_64-fedora-clang | 2.2.2 | 327.71 | NOTE | |||
r-devel-linux-x86_64-fedora-gcc | 2.2.2 | 370.96 | NOTE | |||
r-devel-windows-x86_64 | 2.2.2 | 41.00 | 228.00 | 269.00 | NOTE | |
r-patched-linux-x86_64 | 2.2.2 | NOTE | ||||
r-release-linux-x86_64 | 2.2.2 | 43.80 | 188.42 | 232.22 | NOTE | |
r-release-macos-arm64 | 2.2.2 | 161.00 | NOTE | |||
r-release-macos-x86_64 | 2.2.2 | 256.00 | NOTE | |||
r-release-windows-x86_64 | 2.2.2 | 52.00 | 246.00 | 298.00 | NOTE | |
r-oldrel-macos-arm64 | 2.2.2 | 152.00 | OK | |||
r-oldrel-macos-x86_64 | 2.2.2 | 190.00 | OK | |||
r-oldrel-windows-x86_64 | 2.2.2 | 50.00 | 238.00 | 288.00 | OK |
Version: 2.2.2
Check: C++ specification
Result: NOTE
Specified C++11: please drop specification unless essential
Flavors: r-devel-linux-x86_64-debian-clang, r-devel-linux-x86_64-debian-gcc, r-devel-linux-x86_64-fedora-clang, r-devel-linux-x86_64-fedora-gcc, r-devel-windows-x86_64, r-patched-linux-x86_64, r-release-linux-x86_64, r-release-macos-arm64, r-release-macos-x86_64, r-release-windows-x86_64
Version: 2.2.2
Check: package subdirectories
Result: NOTE
Problems with news in ‘NEWS.md’:
Cannot extract version info from the following section titles:
Changes
Flavors: r-devel-linux-x86_64-debian-clang, r-devel-linux-x86_64-debian-gcc, r-devel-linux-x86_64-fedora-clang, r-devel-linux-x86_64-fedora-gcc, r-devel-windows-x86_64, r-patched-linux-x86_64, r-release-linux-x86_64, r-release-macos-arm64, r-release-macos-x86_64, r-release-windows-x86_64