CRAN Package Check Results for Package TruncatedNormal

Last updated on 2022-11-28 10:57:33 CET.

Flavor Version Tinstall Tcheck Ttotal Status Flags
r-devel-linux-x86_64-debian-clang 2.2.2 48.07 198.78 246.85 NOTE
r-devel-linux-x86_64-debian-gcc 2.2.2 38.85 149.90 188.75 NOTE
r-devel-linux-x86_64-fedora-clang 2.2.2 336.75 NOTE
r-devel-linux-x86_64-fedora-gcc 2.2.2 316.78 NOTE
r-devel-windows-x86_64 2.2.2 79.00 270.00 349.00 NOTE
r-patched-linux-x86_64 2.2.2 45.27 190.96 236.23 OK
r-release-linux-x86_64 2.2.2 40.15 188.63 228.78 OK
r-release-macos-arm64 2.2.2 136.00 OK
r-release-macos-x86_64 2.2.2 190.00 OK
r-release-windows-x86_64 2.2.2 100.00 270.00 370.00 OK
r-oldrel-macos-arm64 2.2.2 163.00 OK
r-oldrel-macos-x86_64 2.2.2 186.00 OK
r-oldrel-windows-ix86+x86_64 2.2.2 123.00 307.00 430.00 OK

Check Details

Version: 2.2.2
Check: package subdirectories
Result: NOTE
    Problems with news in 'NEWS.md':
     Cannot extract version info from the following section titles:
     Changes
Flavors: r-devel-linux-x86_64-debian-clang, r-devel-linux-x86_64-debian-gcc, r-devel-linux-x86_64-fedora-clang, r-devel-linux-x86_64-fedora-gcc, r-devel-windows-x86_64