CRAN Package Check Results for Package TrustVDJ

Last updated on 2022-08-14 02:51:58 CEST.

Flavor Version Tinstall Tcheck Ttotal Status Flags
r-devel-linux-x86_64-debian-clang 0.1.0 17.59 154.69 172.28 OK
r-devel-linux-x86_64-debian-gcc 0.1.0 12.39 113.88 126.27 OK
r-devel-linux-x86_64-fedora-clang 0.1.0 216.54 OK
r-devel-linux-x86_64-fedora-gcc 0.1.0 211.78 OK
r-devel-windows-x86_64 0.1.0 23.00 0.00 23.00 FAIL
r-patched-linux-x86_64 0.1.0 16.11 143.63 159.74 OK
r-release-linux-x86_64 0.1.0 18.06 146.23 164.29 OK
r-release-macos-arm64 0.1.0 58.00 OK
r-release-macos-x86_64 0.1.0 75.00 OK
r-release-windows-x86_64 0.1.0 35.00 1903.00 1938.00 OK
r-oldrel-macos-arm64 0.1.0 54.00 OK
r-oldrel-macos-x86_64 0.1.0 67.00 OK
r-oldrel-windows-ix86+x86_64 0.1.0 39.00 181.00 220.00 OK

Check Details

Version: 0.1.0
Check: examples
Result: FAIL
    Check process probably crashed or hung up for 20 minutes ... killed
    Most likely this happened in the example checks (?),
    if not, ignore the following last lines of example output:
    2 TGTGCCAGCAGCCAAGTCATCCAAGGTGAGCAGTTCTTC 55 23
    3 48 24
    4 TGCCCCGACACGGGCAGGAGAGCACTTACTTTT 24 13
    5 13 9
    6 26 10
     raw_clonotype_id raw_consensus_id exact_subclonotype_id
    1 NA
    2 NA
    3 NA
    4 NA
    5 NA
    6 NA
    >
    >
    >
    >
    > cleanEx()
    > nameEx("dot-ReadAIRR")
    > ### * dot-ReadAIRR
    >
    > flush(stderr()); flush(stdout())
    >
    > ### Name: .ReadAIRR
    > ### Title: Read AIRR file.
    > ### Aliases: .ReadAIRR
    >
    > ### ** Examples
    >
    > airr_file = system.file('extdata', 'TRUST4_airr.tsv.gz', package = 'TrustVDJ')
    > airr = .ReadAIRR(airr_file = airr_file, verbose = FALSE)
    ======== End of example output (where/before crash/hang up occured ?) ========
Flavor: r-devel-windows-x86_64