Last updated on 2023-05-31 20:57:24 CEST.
Flavor | Version | Tinstall | Tcheck | Ttotal | Status | Flags |
---|---|---|---|---|---|---|
r-devel-linux-x86_64-debian-clang | 1.4.8 | 8.31 | 69.98 | 78.29 | OK | |
r-devel-linux-x86_64-debian-gcc | 1.4.8 | 6.58 | 52.51 | 59.09 | OK | |
r-devel-linux-x86_64-fedora-clang | 1.4.8 | 98.21 | NOTE | |||
r-devel-linux-x86_64-fedora-gcc | 1.4.8 | 117.84 | NOTE | |||
r-devel-windows-x86_64 | 1.4.8 | 9.00 | 86.00 | 95.00 | OK | |
r-patched-linux-x86_64 | 1.4.8 | OK | ||||
r-release-linux-x86_64 | 1.4.8 | 5.29 | 64.39 | 69.68 | OK | |
r-release-macos-arm64 | 1.4.8 | 68.00 | OK | |||
r-release-macos-x86_64 | 1.4.8 | 90.00 | OK | |||
r-release-windows-x86_64 | 1.4.8 | 11.00 | 93.00 | 104.00 | OK | |
r-oldrel-macos-arm64 | 1.4.8 | 51.00 | NOTE | |||
r-oldrel-macos-x86_64 | 1.4.8 | 71.00 | NOTE | |||
r-oldrel-windows-x86_64 | 1.4.8 | 13.00 | 95.00 | 108.00 | OK |
Version: 1.4.8
Check: data for non-ASCII characters
Result: NOTE
Note: found 2 marked UTF-8 strings
Flavors: r-devel-linux-x86_64-fedora-clang, r-devel-linux-x86_64-fedora-gcc, r-oldrel-macos-arm64, r-oldrel-macos-x86_64