CRAN Package Check Results for Package UCSCXenaTools

Last updated on 2021-10-26 18:49:42 CEST.

Flavor Version Tinstall Tcheck Ttotal Status Flags
r-devel-linux-x86_64-debian-clang 1.4.7 6.91 67.53 74.44 OK
r-devel-linux-x86_64-debian-gcc 1.4.7 5.47 48.95 54.42 OK
r-devel-linux-x86_64-fedora-clang 1.4.7 98.28 NOTE
r-devel-linux-x86_64-fedora-gcc 1.4.7 85.64 NOTE
r-devel-windows-x86_64 1.4.7 14.00 374.00 388.00 OK
r-devel-windows-x86_64-gcc10-UCRT 1.4.7 NOTE
r-patched-linux-x86_64 1.4.7 6.81 61.75 68.56 OK
r-patched-solaris-x86 1.4.7 112.50 NOTE
r-release-linux-x86_64 1.4.7 5.97 62.64 68.61 OK
r-release-macos-arm64 1.4.7 NOTE
r-release-macos-x86_64 1.4.7 NOTE
r-release-windows-ix86+x86_64 1.4.7 13.00 117.00 130.00 OK
r-oldrel-macos-x86_64 1.4.7 NOTE
r-oldrel-windows-ix86+x86_64 1.4.7 20.00 117.00 137.00 OK

Check Details

Version: 1.4.7
Check: data for non-ASCII characters
Result: NOTE
     Note: found 2 marked UTF-8 strings
Flavors: r-devel-linux-x86_64-fedora-clang, r-devel-linux-x86_64-fedora-gcc, r-devel-windows-x86_64-gcc10-UCRT, r-patched-solaris-x86, r-release-macos-arm64, r-release-macos-x86_64, r-oldrel-macos-x86_64