Last updated on 2021-02-28 21:48:46 CET.
Flavor | Version | Tinstall | Tcheck | Ttotal | Status | Flags |
---|---|---|---|---|---|---|
r-devel-linux-x86_64-debian-clang | 1.4.0 | OK | ||||
r-devel-linux-x86_64-debian-gcc | 1.4.0 | 4.68 | 48.73 | 53.41 | OK | |
r-devel-linux-x86_64-fedora-clang | 1.4.0 | 92.89 | NOTE | |||
r-devel-linux-x86_64-fedora-gcc | 1.4.0 | 81.13 | NOTE | |||
r-devel-windows-ix86+x86_64 | 1.4.0 | 12.00 | 74.00 | 86.00 | OK | |
r-patched-linux-x86_64 | 1.4.0 | 5.83 | 60.28 | 66.11 | OK | |
r-patched-solaris-x86 | 1.4.0 | 109.70 | NOTE | |||
r-release-linux-x86_64 | 1.4.0 | 6.71 | 60.52 | 67.23 | OK | |
r-release-macos-x86_64 | 1.4.0 | NOTE | ||||
r-release-windows-ix86+x86_64 | 1.4.0 | 27.00 | 105.00 | 132.00 | OK | |
r-oldrel-macos-x86_64 | 1.4.0 | NOTE | ||||
r-oldrel-windows-ix86+x86_64 | 1.4.0 | 9.00 | 94.00 | 103.00 | OK |
Version: 1.4.0
Check: data for non-ASCII characters
Result: NOTE
Note: found 2 marked UTF-8 strings
Flavors: r-devel-linux-x86_64-fedora-clang, r-devel-linux-x86_64-fedora-gcc, r-patched-solaris-x86, r-release-macos-x86_64, r-oldrel-macos-x86_64