CRAN Package Check Results for Package UComp

Last updated on 2021-08-05 00:52:32 CEST.

Flavor Version Tinstall Tcheck Ttotal Status Flags
r-devel-linux-x86_64-debian-clang 2.2.2 93.95 157.09 251.04 OK
r-devel-linux-x86_64-debian-gcc 2.2.2 73.49 109.55 183.04 OK
r-devel-linux-x86_64-fedora-clang 2.2.2 306.63 NOTE
r-devel-linux-x86_64-fedora-gcc 2.2.2 281.94 OK
r-devel-windows-x86_64 2.2.2 81.00 127.00 208.00 OK
r-devel-windows-x86_64-gcc10-UCRT 2.2.2 OK
r-patched-linux-x86_64 2.2.2 80.42 128.03 208.45 OK
r-patched-solaris-x86 2.2.2 252.10 OK
r-release-linux-x86_64 2.2.2 81.90 127.52 209.42 OK
r-release-macos-arm64 2.2.2 NOTE
r-release-macos-x86_64 2.2.2 NOTE
r-release-windows-ix86+x86_64 2.2.2 201.00 171.00 372.00 OK
r-oldrel-macos-x86_64 2.2.2 NOTE
r-oldrel-windows-ix86+x86_64 2.2.2 150.00 173.00 323.00 OK

Check Details

Version: 2.2.2
Check: installed package size
Result: NOTE
     installed size is 12.3Mb
     sub-directories of 1Mb or more:
     libs 11.9Mb
Flavors: r-devel-linux-x86_64-fedora-clang, r-release-macos-arm64, r-release-macos-x86_64, r-oldrel-macos-x86_64