CRAN Package Check Results for Package UComp

Last updated on 2020-12-05 23:48:00 CET.

Flavor Version Tinstall Tcheck Ttotal Status Flags
r-devel-linux-x86_64-debian-clang 2.1 90.87 79.14 170.01 OK
r-devel-linux-x86_64-debian-gcc 2.1 72.58 63.50 136.08 OK
r-devel-linux-x86_64-fedora-clang 2.1 225.58 NOTE
r-devel-linux-x86_64-fedora-gcc 2.1 203.51 OK
r-devel-windows-ix86+x86_64 2.1 194.00 118.00 312.00 OK
r-patched-linux-x86_64 2.1 79.28 69.96 149.24 OK
r-patched-solaris-x86 2.1 184.00 OK
r-release-linux-x86_64 2.1 80.36 69.44 149.80 OK
r-release-macos-x86_64 2.1 NOTE
r-release-windows-ix86+x86_64 2.1 193.00 100.00 293.00 OK
r-oldrel-macos-x86_64 2.1 NOTE
r-oldrel-windows-ix86+x86_64 2.1 179.00 119.00 298.00 NOTE

Check Details

Version: 2.1
Check: installed package size
Result: NOTE
     installed size is 13.0Mb
     sub-directories of 1Mb or more:
     libs 12.8Mb
Flavors: r-devel-linux-x86_64-fedora-clang, r-release-macos-x86_64, r-oldrel-macos-x86_64

Version: 2.1
Check: R code for possible problems
Result: NOTE
    plot.UComp: no visible global function definition for ‘plot’
    Undefined global functions or variables:
     plot
    Consider adding
     importFrom("graphics", "plot")
    to your NAMESPACE file.
Flavors: r-oldrel-macos-x86_64, r-oldrel-windows-ix86+x86_64