CRAN Package Check Results for Package UPG

Last updated on 2021-02-26 14:47:11 CET.

Flavor Version Tinstall Tcheck Ttotal Status Flags
r-devel-linux-x86_64-debian-clang 0.2.2 105.80 68.64 174.44 OK
r-devel-linux-x86_64-debian-gcc 0.2.2 64.65 51.53 116.18 OK
r-devel-linux-x86_64-fedora-clang 0.2.2 253.01 NOTE
r-devel-linux-x86_64-fedora-gcc 0.2.2 217.63 NOTE
r-devel-windows-ix86+x86_64 0.2.2 178.00 102.00 280.00 OK
r-patched-linux-x86_64 0.2.2 79.96 63.66 143.62 OK
r-patched-solaris-x86 0.2.2 205.40 NOTE
r-release-linux-x86_64 0.2.2 86.98 64.75 151.73 OK
r-release-macos-x86_64 0.2.2 NOTE
r-release-windows-ix86+x86_64 0.2.2 230.00 136.00 366.00 OK
r-oldrel-macos-x86_64 0.2.2 NOTE
r-oldrel-windows-ix86+x86_64 0.2.2 155.00 95.00 250.00 OK

Check Details

Version: 0.2.2
Check: installed package size
Result: NOTE
     installed size is 6.9Mb
     sub-directories of 1Mb or more:
     libs 6.2Mb
Flavors: r-devel-linux-x86_64-fedora-clang, r-release-macos-x86_64, r-oldrel-macos-x86_64

Version: 0.2.2
Check: dependencies in R code
Result: NOTE
    Namespace in Imports field not imported from: ‘RcppProgress’
     All declared Imports should be used.
Flavors: r-devel-linux-x86_64-fedora-clang, r-devel-linux-x86_64-fedora-gcc, r-patched-solaris-x86, r-release-macos-x86_64, r-oldrel-macos-x86_64