CRAN Package Check Results for Package USAboundaries

Last updated on 2021-05-18 02:49:33 CEST.

Flavor Version Tinstall Tcheck Ttotal Status Flags
r-devel-linux-x86_64-debian-clang 0.3.1 2.50 27.29 29.79 NOTE
r-devel-linux-x86_64-debian-gcc 0.3.1 2.01 21.68 23.69 NOTE
r-devel-linux-x86_64-fedora-clang 0.3.1 46.32 NOTE
r-devel-linux-x86_64-fedora-gcc 0.3.1 35.19 NOTE
r-devel-windows-ix86+x86_64 0.3.1 7.00 42.00 49.00 NOTE
r-devel-windows-x86_64-gcc10-UCRT 0.3.1 NOTE
r-patched-linux-x86_64 0.3.1 2.72 26.84 29.56 NOTE
r-patched-solaris-x86 0.3.1 56.70 NOTE
r-release-linux-x86_64 0.3.1 2.55 26.80 29.35 NOTE
r-release-macos-x86_64 0.3.1 NOTE
r-release-windows-ix86+x86_64 0.3.1 5.00 32.00 37.00 NOTE
r-oldrel-macos-x86_64 0.3.1 NOTE
r-oldrel-windows-ix86+x86_64 0.3.1 3.00 52.00 55.00 NOTE

Check Details

Version: 0.3.1
Check: package dependencies
Result: NOTE
    Package suggested but not available for checking: 'USAboundariesData'
Flavors: r-devel-linux-x86_64-debian-clang, r-devel-linux-x86_64-debian-gcc, r-devel-linux-x86_64-fedora-clang, r-devel-linux-x86_64-fedora-gcc, r-devel-windows-ix86+x86_64, r-devel-windows-x86_64-gcc10-UCRT, r-patched-linux-x86_64, r-patched-solaris-x86, r-release-linux-x86_64, r-release-macos-x86_64, r-release-windows-ix86+x86_64, r-oldrel-macos-x86_64, r-oldrel-windows-ix86+x86_64