CRAN Package Check Results for Package USAboundaries

Last updated on 2020-02-21 04:48:39 CET.

Flavor Version Tinstall Tcheck Ttotal Status Flags
r-devel-linux-x86_64-debian-clang 0.3.1 2.64 25.45 28.09 NOTE
r-devel-linux-x86_64-debian-gcc 0.3.1 2.00 20.40 22.40 NOTE
r-devel-linux-x86_64-fedora-clang 0.3.1 36.32 NOTE
r-devel-linux-x86_64-fedora-gcc 0.3.1 35.67 NOTE
r-devel-windows-ix86+x86_64 0.3.1 7.00 38.00 45.00 NOTE
r-devel-windows-ix86+x86_64-gcc8 0.3.1 10.00 52.00 62.00 NOTE
r-patched-linux-x86_64 0.3.1 2.00 23.32 25.32 NOTE
r-patched-solaris-x86 0.3.1 50.50 NOTE
r-release-linux-x86_64 0.3.1 2.08 23.38 25.46 NOTE
r-release-windows-ix86+x86_64 0.3.1 5.00 40.00 45.00 NOTE
r-release-osx-x86_64 0.3.1 NOTE
r-oldrel-windows-ix86+x86_64 0.3.1 4.00 38.00 42.00 NOTE
r-oldrel-osx-x86_64 0.3.1 NOTE

Check Details

Version: 0.3.1
Check: package dependencies
Result: NOTE
    Package suggested but not available for checking: 'USAboundariesData'
Flavors: r-devel-linux-x86_64-debian-clang, r-devel-linux-x86_64-debian-gcc, r-devel-linux-x86_64-fedora-clang, r-devel-linux-x86_64-fedora-gcc, r-devel-windows-ix86+x86_64, r-devel-windows-ix86+x86_64-gcc8, r-patched-linux-x86_64, r-patched-solaris-x86, r-release-linux-x86_64, r-release-windows-ix86+x86_64, r-release-osx-x86_64, r-oldrel-windows-ix86+x86_64, r-oldrel-osx-x86_64