CRAN Package Check Results for Package USAboundaries

Last updated on 2020-09-19 08:50:16 CEST.

Flavor Version Tinstall Tcheck Ttotal Status Flags
r-devel-linux-x86_64-debian-clang 0.3.1 2.28 26.39 28.67 NOTE
r-devel-linux-x86_64-debian-gcc 0.3.1 2.06 20.77 22.83 NOTE
r-devel-linux-x86_64-fedora-clang 0.3.1 45.64 NOTE
r-devel-linux-x86_64-fedora-gcc 0.3.1 37.41 NOTE
r-devel-windows-ix86+x86_64 0.3.1 6.00 46.00 52.00 NOTE
r-patched-linux-x86_64 0.3.1 2.61 25.74 28.35 NOTE
r-patched-solaris-x86 0.3.1 53.70 NOTE
r-release-linux-x86_64 0.3.1 2.71 26.19 28.90 NOTE
r-release-macos-x86_64 0.3.1 NOTE
r-release-windows-ix86+x86_64 0.3.1 6.00 48.00 54.00 NOTE
r-oldrel-macos-x86_64 0.3.1 NOTE
r-oldrel-windows-ix86+x86_64 0.3.1 3.00 30.00 33.00 NOTE

Check Details

Version: 0.3.1
Check: package dependencies
Result: NOTE
    Package suggested but not available for checking: 'USAboundariesData'
Flavors: r-devel-linux-x86_64-debian-clang, r-devel-linux-x86_64-debian-gcc, r-devel-linux-x86_64-fedora-clang, r-devel-linux-x86_64-fedora-gcc, r-devel-windows-ix86+x86_64, r-patched-linux-x86_64, r-patched-solaris-x86, r-release-linux-x86_64, r-release-macos-x86_64, r-release-windows-ix86+x86_64, r-oldrel-macos-x86_64, r-oldrel-windows-ix86+x86_64