CRAN Package Check Results for Package USGSstates2k

Last updated on 2020-04-03 22:50:48 CEST.

Flavor Version Tinstall Tcheck Ttotal Status Flags
r-devel-linux-x86_64-debian-clang 1.0.1 3.37 29.64 33.01 OK
r-devel-linux-x86_64-debian-gcc 1.0.1 2.78 23.72 26.50 OK
r-devel-linux-x86_64-fedora-clang 1.0.1 40.55 OK
r-devel-linux-x86_64-fedora-gcc 1.0.1 39.75 OK
r-devel-windows-ix86+x86_64 1.0.1 9.00 43.00 52.00 NOTE
r-devel-windows-ix86+x86_64-gcc8 1.0.1 9.00 46.00 55.00 NOTE
r-patched-linux-x86_64 1.0.1 3.28 29.46 32.74 OK
r-patched-solaris-x86 1.0.1 67.40 OK
r-release-linux-x86_64 1.0.1 2.73 27.43 30.16 OK
r-release-windows-ix86+x86_64 1.0.1 7.00 48.00 55.00 NOTE
r-release-osx-x86_64 1.0.1 OK
r-oldrel-windows-ix86+x86_64 1.0.1 7.00 42.00 49.00 NOTE
r-oldrel-osx-x86_64 1.0.1 OK

Check Details

Version: 1.0.1
Check: DESCRIPTION meta-information
Result: NOTE
    BugReports field should not be empty
Flavors: r-devel-windows-ix86+x86_64, r-devel-windows-ix86+x86_64-gcc8, r-release-windows-ix86+x86_64, r-oldrel-windows-ix86+x86_64