CRAN Package Check Results for Package UScancer

Last updated on 2020-04-09 22:50:43 CEST.

Flavor Version Tinstall Tcheck Ttotal Status Flags
r-devel-linux-x86_64-debian-clang 0.1-2 2.94 34.28 37.22 NOTE
r-devel-linux-x86_64-debian-gcc 0.1-2 2.90 27.36 30.26 NOTE
r-devel-linux-x86_64-fedora-clang 0.1-2 48.52 NOTE
r-devel-linux-x86_64-fedora-gcc 0.1-2 49.01 NOTE
r-devel-windows-ix86+x86_64 0.1-2 10.00 67.00 77.00 NOTE
r-devel-windows-ix86+x86_64-gcc8 0.1-2 9.00 48.00 57.00 NOTE
r-patched-linux-x86_64 0.1-2 3.24 33.35 36.59 NOTE
r-patched-osx-x86_64 0.1-2 NOTE
r-patched-solaris-x86 0.1-2 79.60 NOTE
r-release-linux-x86_64 0.1-2 2.69 31.79 34.48 NOTE
r-release-windows-ix86+x86_64 0.1-2 7.00 65.00 72.00 NOTE
r-release-osx-x86_64 0.1-2 NOTE
r-oldrel-windows-ix86+x86_64 0.1-2 7.00 52.00 59.00 NOTE
r-oldrel-osx-x86_64 0.1-2 NOTE

Check Details

Version: 0.1-2
Check: R code for possible problems
Result: NOTE
    readSEER: no visible global function definition for 'read.fwf'
    Undefined global functions or variables:
     read.fwf
    Consider adding
     importFrom("utils", "read.fwf")
    to your NAMESPACE file.
Flavors: r-devel-linux-x86_64-debian-clang, r-devel-linux-x86_64-debian-gcc, r-devel-linux-x86_64-fedora-clang, r-devel-linux-x86_64-fedora-gcc, r-devel-windows-ix86+x86_64, r-devel-windows-ix86+x86_64-gcc8, r-patched-linux-x86_64, r-patched-osx-x86_64, r-patched-solaris-x86, r-release-linux-x86_64, r-release-windows-ix86+x86_64, r-release-osx-x86_64, r-oldrel-windows-ix86+x86_64, r-oldrel-osx-x86_64