Last updated on 2023-10-04 01:59:33 CEST.
Flavor | Version | Tinstall | Tcheck | Ttotal | Status | Flags |
---|---|---|---|---|---|---|
r-devel-linux-x86_64-debian-clang | 0.1.2 | 4.20 | 32.96 | 37.16 | OK | |
r-devel-linux-x86_64-debian-gcc | 0.1.2 | 3.98 | 25.81 | 29.79 | OK | |
r-devel-linux-x86_64-fedora-clang | 0.1.2 | 44.70 | NOTE | |||
r-devel-linux-x86_64-fedora-gcc | 0.1.2 | 44.37 | NOTE | |||
r-devel-windows-x86_64 | 0.1.2 | 7.00 | 53.00 | 60.00 | OK | |
r-patched-linux-x86_64 | 0.1.2 | 4.28 | 31.26 | 35.54 | OK | |
r-release-linux-x86_64 | 0.1.2 | 3.36 | 31.01 | 34.37 | OK | |
r-release-macos-arm64 | 0.1.2 | 21.00 | OK | |||
r-release-macos-x86_64 | 0.1.2 | 27.00 | OK | |||
r-release-windows-x86_64 | 0.1.2 | 8.00 | 53.00 | 61.00 | OK | |
r-oldrel-macos-arm64 | 0.1.2 | 20.00 | NOTE | |||
r-oldrel-macos-x86_64 | 0.1.2 | 36.00 | NOTE | |||
r-oldrel-windows-x86_64 | 0.1.2 | 7.00 | 56.00 | 63.00 | OK |
Version: 0.1.2
Check: dependencies in R code
Result: NOTE
Namespace in Imports field not imported from: ‘tsibble’
All declared Imports should be used.
Flavors: r-devel-linux-x86_64-fedora-clang, r-devel-linux-x86_64-fedora-gcc, r-oldrel-macos-arm64, r-oldrel-macos-x86_64