Last updated on 2023-05-30 21:58:57 CEST.
Flavor | Version | Tinstall | Tcheck | Ttotal | Status | Flags |
---|---|---|---|---|---|---|
r-devel-linux-x86_64-debian-clang | 0.2.0 | 24.66 | 42.03 | 66.69 | OK | |
r-devel-linux-x86_64-debian-gcc | 0.2.0 | 21.22 | 32.77 | 53.99 | OK | |
r-devel-linux-x86_64-fedora-clang | 0.2.0 | 87.80 | NOTE | |||
r-devel-linux-x86_64-fedora-gcc | 0.2.0 | 92.39 | NOTE | |||
r-devel-windows-x86_64 | 0.2.0 | 22.00 | 67.00 | 89.00 | NOTE | |
r-patched-linux-x86_64 | 0.2.0 | 25.89 | 40.37 | 66.26 | OK | |
r-release-linux-x86_64 | 0.2.0 | 24.39 | 40.94 | 65.33 | OK | |
r-release-macos-arm64 | 0.2.0 | 40.00 | NOTE | |||
r-release-macos-x86_64 | 0.1.1 | 44.00 | NOTE | |||
r-release-windows-x86_64 | 0.2.0 | 24.00 | 70.00 | 94.00 | NOTE | |
r-oldrel-macos-arm64 | 0.2.0 | 47.00 | NOTE | |||
r-oldrel-macos-x86_64 | 0.2.0 | 50.00 | NOTE | |||
r-oldrel-windows-x86_64 | 0.2.0 | 30.00 | 70.00 | 100.00 | NOTE |
Version: 0.2.0
Check: installed package size
Result: NOTE
installed size is 7.0Mb
sub-directories of 1Mb or more:
data 6.9Mb
Flavors: r-devel-linux-x86_64-fedora-clang, r-devel-windows-x86_64, r-release-macos-arm64, r-release-windows-x86_64, r-oldrel-macos-arm64, r-oldrel-macos-x86_64, r-oldrel-windows-x86_64
Version: 0.2.0
Check: data for non-ASCII characters
Result: NOTE
Note: found 50 marked UTF-8 strings
Flavors: r-devel-linux-x86_64-fedora-clang, r-devel-linux-x86_64-fedora-gcc
Version: 0.1.1
Check: installed package size
Result: NOTE
installed size is 5.2Mb
sub-directories of 1Mb or more:
data 5.1Mb
Flavor: r-release-macos-x86_64