CRAN Package Check Results for Package Umoments

Last updated on 2023-05-28 01:54:11 CEST.

Flavor Version Tinstall Tcheck Ttotal Status Flags
r-devel-linux-x86_64-debian-clang 0.1.1 13.76 56.19 69.95 NOTE
r-devel-linux-x86_64-debian-gcc 0.1.1 11.90 42.25 54.15 NOTE
r-devel-linux-x86_64-fedora-clang 0.1.1 87.71 NOTE
r-devel-linux-x86_64-fedora-gcc 0.1.1 108.53 NOTE
r-devel-windows-x86_64 0.1.1 11.00 72.00 83.00 NOTE
r-patched-linux-x86_64 0.1.1 11.48 53.76 65.24 NOTE
r-release-linux-x86_64 0.1.1 9.96 53.62 63.58 NOTE
r-release-macos-arm64 0.1.1 32.00 NOTE
r-release-macos-x86_64 0.1.1 54.00 NOTE
r-release-windows-x86_64 0.1.1 12.00 76.00 88.00 NOTE
r-oldrel-macos-arm64 0.1.1 30.00 NOTE
r-oldrel-macos-x86_64 0.1.1 36.00 NOTE
r-oldrel-windows-x86_64 0.1.1 15.00 74.00 89.00 NOTE

Check Details

Version: 0.1.1
Check: LazyData
Result: NOTE
     'LazyData' is specified without a 'data' directory
Flavors: r-devel-linux-x86_64-debian-clang, r-devel-linux-x86_64-debian-gcc, r-devel-linux-x86_64-fedora-clang, r-devel-linux-x86_64-fedora-gcc, r-devel-windows-x86_64, r-patched-linux-x86_64, r-release-linux-x86_64, r-release-macos-arm64, r-release-macos-x86_64, r-release-windows-x86_64, r-oldrel-macos-arm64, r-oldrel-macos-x86_64, r-oldrel-windows-x86_64