CRAN Package Check Results for Package UncDecomp

Last updated on 2020-04-08 01:49:15 CEST.

Flavor Version Tinstall Tcheck Ttotal Status Flags
r-devel-linux-x86_64-debian-clang 1.0.1 5.83 46.29 52.12 OK
r-devel-linux-x86_64-debian-gcc 1.0.1 4.58 34.70 39.28 OK
r-devel-linux-x86_64-fedora-clang 1.0.1 61.02 NOTE
r-devel-linux-x86_64-fedora-gcc 1.0.1 61.50 NOTE
r-devel-windows-ix86+x86_64 1.0.1 15.00 67.00 82.00 OK
r-devel-windows-ix86+x86_64-gcc8 1.0.1 15.00 60.00 75.00 OK
r-patched-linux-x86_64 1.0.1 5.64 44.02 49.66 OK
r-patched-solaris-x86 1.0.1 86.20 NOTE
r-release-linux-x86_64 1.0.1 4.85 40.68 45.53 NOTE
r-release-windows-ix86+x86_64 1.0.1 12.00 107.00 119.00 OK
r-release-osx-x86_64 1.0.1 NOTE
r-oldrel-windows-ix86+x86_64 1.0.1 8.00 60.00 68.00 OK
r-oldrel-osx-x86_64 1.0.1 NOTE

Check Details

Version: 1.0.1
Check: dependencies in R code
Result: NOTE
    Namespace in Imports field not imported from: ‘dplyr’
     All declared Imports should be used.
Flavors: r-devel-linux-x86_64-fedora-clang, r-devel-linux-x86_64-fedora-gcc, r-patched-solaris-x86, r-release-osx-x86_64, r-oldrel-osx-x86_64

Version: 1.0.1
Check: DESCRIPTION meta-information
Result: NOTE
    Dependence on R version ‘3.4.4’ not with patchlevel 0
Flavor: r-release-linux-x86_64