Last updated on 2022-08-18 08:52:09 CEST.
Flavor | Version | Tinstall | Tcheck | Ttotal | Status | Flags |
---|---|---|---|---|---|---|
r-devel-linux-x86_64-debian-clang | 1.4.0 | 9.87 | 138.69 | 148.56 | NOTE | |
r-devel-linux-x86_64-debian-gcc | 1.4.0 | 7.09 | 100.10 | 107.19 | NOTE | |
r-devel-linux-x86_64-fedora-clang | 1.4.0 | 179.56 | NOTE | |||
r-devel-linux-x86_64-fedora-gcc | 1.4.0 | 175.77 | NOTE | |||
r-devel-windows-x86_64 | 1.4.0 | 21.00 | 164.00 | 185.00 | NOTE | |
r-patched-linux-x86_64 | 1.4.0 | 7.99 | 126.37 | 134.36 | NOTE | |
r-release-linux-x86_64 | 1.4.0 | 9.64 | 125.33 | 134.97 | NOTE | |
r-release-macos-arm64 | 1.4.0 | 58.00 | NOTE | |||
r-release-macos-x86_64 | 1.4.0 | 107.00 | NOTE | |||
r-release-windows-x86_64 | 1.4.0 | 23.00 | 162.00 | 185.00 | NOTE | |
r-oldrel-macos-arm64 | 1.4.0 | 86.00 | NOTE | |||
r-oldrel-macos-x86_64 | 1.4.0 | 101.00 | NOTE | |||
r-oldrel-windows-ix86+x86_64 | 1.4.0 | 19.00 | 96.00 | 115.00 | NOTE |
Version: 1.4.0
Check: LazyData
Result: NOTE
'LazyData' is specified without a 'data' directory
Flavors: r-devel-linux-x86_64-debian-clang, r-devel-linux-x86_64-debian-gcc, r-devel-linux-x86_64-fedora-clang, r-devel-linux-x86_64-fedora-gcc, r-devel-windows-x86_64, r-patched-linux-x86_64, r-release-linux-x86_64, r-release-macos-arm64, r-release-macos-x86_64, r-release-windows-x86_64, r-oldrel-macos-arm64, r-oldrel-macos-x86_64, r-oldrel-windows-ix86+x86_64
Version: 1.4.0
Check: installed package size
Result: NOTE
installed size is 8.1Mb
sub-directories of 1Mb or more:
doc 7.6Mb
Flavors: r-devel-linux-x86_64-fedora-clang, r-devel-windows-x86_64, r-release-macos-arm64, r-release-macos-x86_64, r-release-windows-x86_64, r-oldrel-macos-arm64, r-oldrel-macos-x86_64, r-oldrel-windows-ix86+x86_64