CRAN Package Check Results for Package V8

Last updated on 2024-06-13 22:49:49 CEST.

Flavor Version Tinstall Tcheck Ttotal Status Flags
r-devel-linux-x86_64-debian-clang 4.4.2 31.37 47.51 78.88 OK
r-devel-linux-x86_64-debian-gcc 4.4.2 23.22 33.99 57.21 ERROR
r-devel-linux-x86_64-fedora-gcc 4.4.2 119.35 OK
r-devel-windows-x86_64 4.4.2 56.00 129.00 185.00 NOTE
r-patched-linux-x86_64 4.4.2 28.77 45.47 74.24 OK
r-release-linux-x86_64 4.4.2 28.72 46.36 75.08 OK
r-release-macos-arm64 4.4.2 60.00 NOTE
r-release-macos-x86_64 4.4.2 67.00 NOTE
r-release-windows-x86_64 4.4.2 55.00 132.00 187.00 NOTE
r-oldrel-macos-arm64 4.4.2 75.00 NOTE
r-oldrel-macos-x86_64 4.4.2 196.00 NOTE
r-oldrel-windows-x86_64 4.4.2 103.00 140.00 243.00 NOTE

Check Details

Version: 4.4.2
Check: package dependencies
Result: NOTE Package suggested but not available for checking: ‘testthat’ Flavor: r-devel-linux-x86_64-debian-gcc

Version: 4.4.2
Check: tests
Result: ERROR Running ‘engine.R’ [1s/1s] Comparing ‘engine.Rout’ to ‘engine.Rout.save’ ...4d3 < Using V8 engine 11.3.244.8-node.23 Running ‘testthat.R’ [0s/1s] Running the tests in ‘tests/testthat.R’ failed. Complete output: > library(testthat) Error in library(testthat) : there is no package called 'testthat' Execution halted Flavor: r-devel-linux-x86_64-debian-gcc

Version: 4.4.2
Check: installed package size
Result: NOTE installed size is 23.9Mb sub-directories of 1Mb or more: doc 1.8Mb libs 21.9Mb Flavors: r-devel-windows-x86_64, r-release-macos-arm64, r-release-macos-x86_64, r-release-windows-x86_64, r-oldrel-macos-arm64, r-oldrel-macos-x86_64, r-oldrel-windows-x86_64