Last updated on 2023-05-31 05:56:24 CEST.
Flavor | Version | Tinstall | Tcheck | Ttotal | Status | Flags |
---|---|---|---|---|---|---|
r-devel-linux-x86_64-debian-clang | 4.3.0 | 26.25 | 43.25 | 69.50 | OK | |
r-devel-linux-x86_64-debian-gcc | 4.3.0 | 21.64 | 33.73 | 55.37 | OK | |
r-devel-linux-x86_64-fedora-gcc | 4.3.0 | 123.45 | OK | |||
r-devel-windows-x86_64 | 4.3.0 | 64.00 | 215.00 | 279.00 | NOTE | |
r-patched-linux-x86_64 | 4.3.0 | 27.36 | 40.97 | 68.33 | OK | |
r-release-linux-x86_64 | 4.3.0 | 23.81 | 41.81 | 65.62 | OK | |
r-release-macos-arm64 | 4.3.0 | 60.00 | NOTE | |||
r-release-macos-x86_64 | 4.3.0 | 99.00 | NOTE | |||
r-release-windows-x86_64 | 4.3.0 | 74.00 | 254.00 | 328.00 | NOTE | |
r-oldrel-macos-arm64 | 4.3.0 | 48.00 | NOTE | |||
r-oldrel-macos-x86_64 | 4.3.0 | 134.00 | NOTE | |||
r-oldrel-windows-x86_64 | 4.3.0 | 34.00 | 9.00 | 43.00 | ERROR |
Version: 4.3.0
Check: installed package size
Result: NOTE
installed size is 17.1Mb
sub-directories of 1Mb or more:
doc 1.7Mb
libs 15.3Mb
Flavors: r-devel-windows-x86_64, r-release-macos-arm64, r-release-macos-x86_64, r-release-windows-x86_64, r-oldrel-macos-arm64, r-oldrel-macos-x86_64
Version: 4.3.0
Check: whether package can be installed
Result: ERROR
Installation failed.
Flavor: r-oldrel-windows-x86_64