Last updated on 2023-06-06 23:58:45 CEST.
Flavor | Version | Tinstall | Tcheck | Ttotal | Status | Flags |
---|---|---|---|---|---|---|
r-devel-linux-x86_64-debian-clang | 1.1.0 | 41.09 | 409.81 | 450.90 | OK | |
r-devel-linux-x86_64-debian-gcc | 1.1.0 | 37.63 | 306.64 | 344.27 | OK | |
r-devel-linux-x86_64-fedora-clang | 1.1.0 | 572.58 | NOTE | |||
r-devel-linux-x86_64-fedora-gcc | 1.1.0 | 565.69 | OK | |||
r-devel-windows-x86_64 | 1.1.0 | 40.00 | 289.00 | 329.00 | NOTE | |
r-patched-linux-x86_64 | 1.1.0 | 40.95 | 384.30 | 425.25 | OK | |
r-release-linux-x86_64 | 1.1.0 | 42.48 | 390.43 | 432.91 | OK | |
r-release-macos-arm64 | 1.1.0 | 161.00 | NOTE | |||
r-release-macos-x86_64 | 1.1.0 | 268.00 | NOTE | |||
r-release-windows-x86_64 | 1.1.0 | 57.00 | 369.00 | 426.00 | NOTE | |
r-oldrel-macos-arm64 | 1.1.0 | 133.00 | NOTE | |||
r-oldrel-macos-x86_64 | 1.1.0 | 228.00 | NOTE | |||
r-oldrel-windows-x86_64 | 1.1.0 | 53.00 | 351.00 | 404.00 | NOTE |
Version: 1.1.0
Check: installed package size
Result: NOTE
installed size is 9.5Mb
sub-directories of 1Mb or more:
extdata 8.7Mb
Flavors: r-devel-linux-x86_64-fedora-clang, r-devel-windows-x86_64, r-release-macos-arm64, r-release-macos-x86_64, r-release-windows-x86_64, r-oldrel-macos-arm64, r-oldrel-macos-x86_64, r-oldrel-windows-x86_64