CRAN Package Check Results for Package VAR.etp

Last updated on 2020-04-03 22:50:48 CEST.

Flavor Version Tinstall Tcheck Ttotal Status Flags
r-devel-linux-x86_64-debian-clang 0.7 5.16 41.68 46.84 NOTE
r-devel-linux-x86_64-debian-gcc 0.7 3.70 31.06 34.76 NOTE
r-devel-linux-x86_64-fedora-clang 0.7 54.81 NOTE
r-devel-linux-x86_64-fedora-gcc 0.7 53.16 NOTE
r-devel-windows-ix86+x86_64 0.7 9.00 64.00 73.00 NOTE
r-devel-windows-ix86+x86_64-gcc8 0.7 9.00 47.00 56.00 NOTE
r-patched-linux-x86_64 0.7 4.77 40.18 44.95 NOTE
r-patched-solaris-x86 0.7 75.50 NOTE
r-release-linux-x86_64 0.7 3.58 36.61 40.19 NOTE
r-release-windows-ix86+x86_64 0.7 9.00 59.00 68.00 NOTE
r-release-osx-x86_64 0.7 NOTE
r-oldrel-windows-ix86+x86_64 0.7 5.00 45.00 50.00 NOTE
r-oldrel-osx-x86_64 0.7 NOTE

Check Details

Version: 0.7
Check: DESCRIPTION meta-information
Result: NOTE
    Malformed Description field: should contain one or more complete sentences.
Flavors: r-devel-linux-x86_64-debian-clang, r-devel-linux-x86_64-debian-gcc, r-devel-linux-x86_64-fedora-clang, r-devel-linux-x86_64-fedora-gcc, r-devel-windows-ix86+x86_64, r-devel-windows-ix86+x86_64-gcc8, r-patched-linux-x86_64, r-patched-solaris-x86, r-release-linux-x86_64, r-release-windows-ix86+x86_64, r-release-osx-x86_64, r-oldrel-windows-ix86+x86_64, r-oldrel-osx-x86_64

Version: 0.7
Check: R code for possible problems
Result: NOTE
    Mammen: no visible global function definition for 'runif'
    PR2: no visible global function definition for 'ar.burg'
    PR2: no visible global function definition for 'pt'
    PR2: no visible global function definition for 'pf'
    PR3: no visible global function definition for 'ar.burg'
    PR3: no visible global function definition for 'pt'
    PR3: no visible global function definition for 'pf'
    VAR.FOR: no visible global function definition for 'qnorm'
    VAR.ForeB: no visible global function definition for 'runif'
    VAR.LRtest: no visible global function definition for 'pchisq'
    VAR.LRtest: no visible global function definition for 'pf'
    VAR.PI: no visible global function definition for 'quantile'
    VAR.Waldtest: no visible global function definition for 'pf'
    VAR.irf: no visible global function definition for 'par'
    VAR.irf: no visible global function definition for 'abline'
    VAR1.sim: no visible global function definition for 'rnorm'
    resamp: no visible global function definition for 'runif'
    Undefined global functions or variables:
     abline ar.burg par pchisq pf pt qnorm quantile rnorm runif
    Consider adding
     importFrom("graphics", "abline", "par")
     importFrom("stats", "ar.burg", "pchisq", "pf", "pt", "qnorm",
     "quantile", "rnorm", "runif")
    to your NAMESPACE file.
Flavors: r-devel-linux-x86_64-debian-clang, r-devel-linux-x86_64-debian-gcc, r-devel-linux-x86_64-fedora-clang, r-devel-linux-x86_64-fedora-gcc, r-devel-windows-ix86+x86_64, r-devel-windows-ix86+x86_64-gcc8, r-patched-linux-x86_64, r-patched-solaris-x86

Version: 0.7
Check: R code for possible problems
Result: NOTE
    Mammen: no visible global function definition for ‘runif’
    PR2: no visible global function definition for ‘ar.burg’
    PR2: no visible global function definition for ‘pt’
    PR2: no visible global function definition for ‘pf’
    PR3: no visible global function definition for ‘ar.burg’
    PR3: no visible global function definition for ‘pt’
    PR3: no visible global function definition for ‘pf’
    VAR.FOR: no visible global function definition for ‘qnorm’
    VAR.ForeB: no visible global function definition for ‘runif’
    VAR.LRtest: no visible global function definition for ‘pchisq’
    VAR.LRtest: no visible global function definition for ‘pf’
    VAR.PI: no visible global function definition for ‘quantile’
    VAR.Waldtest: no visible global function definition for ‘pf’
    VAR.irf: no visible global function definition for ‘par’
    VAR.irf: no visible global function definition for ‘plot’
    VAR.irf: no visible global function definition for ‘abline’
    VAR1.sim: no visible global function definition for ‘rnorm’
    resamp: no visible global function definition for ‘runif’
    Undefined global functions or variables:
     abline ar.burg par pchisq pf plot pt qnorm quantile rnorm runif
    Consider adding
     importFrom("graphics", "abline", "par", "plot")
     importFrom("stats", "ar.burg", "pchisq", "pf", "pt", "qnorm",
     "quantile", "rnorm", "runif")
    to your NAMESPACE file.
Flavors: r-release-linux-x86_64, r-release-windows-ix86+x86_64, r-release-osx-x86_64, r-oldrel-windows-ix86+x86_64, r-oldrel-osx-x86_64