CRAN Package Check Results for Package VARSELECTEXPOSURE

Last updated on 2023-04-02 07:55:32 CEST.

Flavor Version Tinstall Tcheck Ttotal Status Flags
r-devel-linux-x86_64-debian-clang 1.0.1 33.98 53.00 86.98 OK
r-devel-linux-x86_64-debian-gcc 1.0.1 22.60 39.04 61.64 OK
r-devel-linux-x86_64-fedora-clang 1.0.1 113.73 NOTE
r-devel-linux-x86_64-fedora-gcc 1.0.1 108.86 NOTE
r-devel-windows-x86_64 1.0.1 37.00 112.00 149.00 OK
r-patched-linux-x86_64 1.0.1 27.13 51.75 78.88 OK
r-release-linux-x86_64 1.0.1 22.57 51.72 74.29 OK
r-release-macos-arm64 1.0.1 14.00 ERROR
r-release-macos-x86_64 1.0.1 42.00 NOTE
r-release-windows-x86_64 1.0.1 40.00 107.00 147.00 OK
r-oldrel-macos-arm64 1.0.1 24.00 NOTE
r-oldrel-macos-x86_64 1.0.1 47.00 NOTE
r-oldrel-windows-ix86+x86_64 1.0.1 72.00 125.00 197.00 OK

Check Details

Version: 1.0.1
Check: dependencies in R code
Result: NOTE
    Namespace in Imports field not imported from: ‘Rcpp’
     All declared Imports should be used.
Flavors: r-devel-linux-x86_64-fedora-clang, r-devel-linux-x86_64-fedora-gcc, r-release-macos-x86_64, r-oldrel-macos-arm64, r-oldrel-macos-x86_64

Version: 1.0.1
Check: whether package can be installed
Result: ERROR
    Installation failed.
Flavor: r-release-macos-arm64