CRAN Package Check Results for Package VARtests

Last updated on 2021-03-01 08:48:16 CET.

Flavor Version Tinstall Tcheck Ttotal Status Flags
r-devel-linux-x86_64-debian-clang 2.0.5 OK
r-devel-linux-x86_64-debian-gcc 2.0.5 73.05 34.29 107.34 OK
r-devel-linux-x86_64-fedora-clang 2.0.5 225.60 NOTE
r-devel-linux-x86_64-fedora-gcc 2.0.5 196.55 OK
r-devel-windows-ix86+x86_64 2.0.5 187.00 72.00 259.00 OK
r-patched-linux-x86_64 2.0.5 87.06 42.80 129.86 OK
r-patched-solaris-x86 2.0.5 173.80 OK
r-release-linux-x86_64 2.0.5 86.04 41.94 127.98 OK
r-release-macos-x86_64 2.0.5 NOTE
r-release-windows-ix86+x86_64 2.0.5 257.00 92.00 349.00 OK
r-oldrel-macos-x86_64 2.0.5 NOTE
r-oldrel-windows-ix86+x86_64 2.0.5 163.00 66.00 229.00 OK

Check Details

Version: 2.0.5
Check: installed package size
Result: NOTE
     installed size is 6.6Mb
     sub-directories of 1Mb or more:
     libs 6.4Mb
Flavors: r-devel-linux-x86_64-fedora-clang, r-release-macos-x86_64, r-oldrel-macos-x86_64

Version: 2.0.5
Check: Rd cross-references
Result: NOTE
    Undeclared package ‘vars’ in Rd xrefs
Flavor: r-devel-linux-x86_64-fedora-clang